{"id":6478,"date":"2018-01-23T18:22:40","date_gmt":"2018-01-23T17:22:40","guid":{"rendered":"http:\/\/192.168.1.29\/wordpress\/?post_type=product&#038;p=6478"},"modified":"2026-04-27T10:41:46","modified_gmt":"2026-04-27T08:41:46","slug":"jamie","status":"publish","type":"product","link":"https:\/\/tsv-giessen.de\/?product=jamie","title":{"rendered":"Jamie &#8211; nicht zu vermitteln &#8211; Paten gesucht"},"content":{"rendered":"<p style=\"text-align: left\">Der schwarze Labrador-Mix-R\u00fcde Jamie sieht auf den ersten Blick aus, wie der perfekte Familienhund. Dennoch ist Jamie nun schon einige Jahre bei uns im Tierheim. Er kam zusammen mit seinem Bruder Jody nachdem sie, aufgrund falscher F\u00fchrung und Erziehung, auff\u00e4llig geworden waren. Jody konnte nach langem Training und erfolgreichem Wesenstest an eine tolle Familie vermittelt werden. Noch heute bekommen wir immer wieder Post aus gemeinsamen Urlauben und von tollen Unternehmungen. Leider kann Jamie bis heute immer noch nicht fremden Menschen vertrauen und damit den Wesenstest auch nicht bestehen, so dass er f\u00fcr immer bei uns im Tierheim wohnen wird. Jamie f\u00fchlt sich hier sicher und wird von seinen Vertrauenspersonen liebevoll umsorgt, wof\u00fcr er sich auch sehr dankbar zeigt. Hat er seine Menschen erst einmal langsam kennenlernen d\u00fcrfen, genie\u00dft er ausgiebige Kuscheleinheiten mit ihnen. Ganz besonders liebt er seinen langj\u00e4hrigen Hundebegleiter Volker, der sich fast t\u00e4glich Zeit f\u00fcr seinen Liebling nimmt. Mit ihm zusammen konnte Jamie viele Dinge, wie z.B. das Apportieren, \u00fcber Agility-Ger\u00e4te laufen und Gegenst\u00e4nde suchen lernen, aber auch einfach lange Spazierg\u00e4nge genie\u00dfen. Wenn dann noch eine sch\u00f6ne \u00dcberraschung im Zimmer auf ihn wartet ist Jamies Gl\u00fcck perfekt.<\/p>\n<p>Inzwischen hat Jamie auch einen Job im Tierheim: Er wird immer wieder zur Hilfe genommen, wenn seine Artgenossen im Sozialtraining geschult werden.<\/p>\n<p>Wir suchen f\u00fcr Jamie noch Paten, die uns helfen, sein Leben bei uns zu finanzieren.<\/p>\n<p><span class=\"fs13 cf1 ff1\"><b>Bemerkung:<\/b><br \/>\n<\/span><span class=\"fs13 cf1 ff1\">Die Beschreibungen sind Momentaufnahmen des Tieres in unserem Tierheim. Jedes Tier kann sich im neuen Zuhause anders entwickeln.<\/span><\/p>\n","protected":false},"excerpt":{"rendered":"<p>Der schwarze Labrador-Mix-R\u00fcde Jamie sieht auf den ersten Blick aus, wie der perfekte Familienhund. Dennoch ist Jamie nun schon einige Jahre bei uns im Tierheim. Er kam zusammen mit seinem&#8230;<\/p>\n","protected":false},"featured_media":34662,"template":"","meta":{"_piecal_is_event":false,"_piecal_start_date":"","_piecal_end_date":"","_piecal_is_allday":false},"product_cat":[147,41,57,1244,123],"product_tag":[],"_links":{"self":[{"href":"https:\/\/tsv-giessen.de\/index.php?rest_route=\/wp\/v2\/product\/6478"}],"collection":[{"href":"https:\/\/tsv-giessen.de\/index.php?rest_route=\/wp\/v2\/product"}],"about":[{"href":"https:\/\/tsv-giessen.de\/index.php?rest_route=\/wp\/v2\/types\/product"}],"wp:featuredmedia":[{"embeddable":true,"href":"https:\/\/tsv-giessen.de\/index.php?rest_route=\/wp\/v2\/media\/34662"}],"wp:attachment":[{"href":"https:\/\/tsv-giessen.de\/index.php?rest_route=%2Fwp%2Fv2%2Fmedia&parent=6478"}],"wp:term":[{"taxonomy":"product_cat","embeddable":true,"href":"https:\/\/tsv-giessen.de\/index.php?rest_route=%2Fwp%2Fv2%2Fproduct_cat&post=6478"},{"taxonomy":"product_tag","embeddable":true,"href":"https:\/\/tsv-giessen.de\/index.php?rest_route=%2Fwp%2Fv2%2Fproduct_tag&post=6478"}],"curies":[{"name":"wp","href":"https:\/\/api.w.org\/{rel}","templated":true}]}}