{"id":40195,"date":"2026-05-07T22:41:01","date_gmt":"2026-05-07T20:41:01","guid":{"rendered":"https:\/\/tsv-giessen.de\/?post_type=product&#038;p=40195"},"modified":"2026-05-07T22:48:22","modified_gmt":"2026-05-07T20:48:22","slug":"fridolin-friedafritzi-elio","status":"publish","type":"product","link":"https:\/\/tsv-giessen.de\/?product=fridolin-friedafritzi-elio","title":{"rendered":"Fridolin, Frieda,Fritzi &#038; Elio"},"content":{"rendered":"<p data-start=\"0\" data-end=\"281\">Fridolin, Frieda und Fritzi sind Kamerunschafe und stammen aus einer schlechten Haltung, aus der sie gemeinsam zu uns gekommen sind. Schon bei ihrer Ankunft war klar, dass sie keine guten Voraussetzungen hatten und zun\u00e4chst viel Ruhe, Pflege und Zeit brauchten, um sich zu erholen.<\/p>\n<p data-start=\"283\" data-end=\"602\">Die beiden Damen waren bereits tragend. Fridolin musste zun\u00e4chst kastriert werden, um eine weitere unkontrollierte Vermehrung zu verhindern und die Gruppe zu stabilisieren. Nach einiger Zeit kam der kleine Elio zur Welt \u2013 ein kr\u00e4ftiger Bock, der sich bei uns erstaunlich gut entwickelt hat und Tag f\u00fcr Tag st\u00e4rker wird.<\/p>\n<p data-start=\"604\" data-end=\"835\">Das zweite Lamm hat es leider nicht geschafft. Die genaue Ursache ist unklar, vermutlich spielte eine ung\u00fcnstige Verpaarung in Kombination mit der schlechten Haltung der Tiere eine Rolle \u2013 ausschlie\u00dfen kann man dabei leider nichts.<\/p>\n<p data-start=\"837\" data-end=\"1140\">Umso sch\u00f6ner ist es zu sehen, dass Elio sich so gut entwickelt und gemeinsam mit Fridolin, Frieda und Fritzi Schritt f\u00fcr Schritt in ein stabiles Leben hineinw\u00e4chst. Alle vier haben sich bei uns inzwischen gut eingelebt, sind in ihrer Gruppe angekommen und machen insgesamt einen sehr positiven Eindruck.<\/p>\n<p data-start=\"1142\" data-end=\"1418\" data-is-last-node=\"\" data-is-only-node=\"\">F\u00fcr die Kamerunschaf-Familie suchen wir nun liebevolle Paten, die sie begleiten und unterst\u00fctzen m\u00f6chten. Die Patenschaften helfen uns dabei, ihre Versorgung, Pflege und ihr t\u00e4gliches Wohl langfristig sicherzustellen und ihnen weiterhin ein gutes Leben bei uns zu erm\u00f6glichen.<\/p>\n<div><\/div>\n<div class=\"flex-shrink-0 flex flex-col relative items-end\">\n<div class=\"pt-0\">\n<div class=\"gizmo-bot-avatar flex h-8 w-8 items-center justify-center overflow-hidden rounded-full\"><strong>B<\/strong><b>emerkung:<\/b><\/div>\n<\/div>\n<\/div>\n<p><span class=\"fs13 cf1 ff1\">Die Beschreibungen sind Momentaufnahmen des Tieres in unserem Tierheim. Jedes Tier kann sich im neuen Zuhause anders entwickeln.<\/span><\/p>\n","protected":false},"excerpt":{"rendered":"<p>Fridolin, Frieda und Fritzi sind Kamerunschafe und stammen aus einer schlechten Haltung, aus der sie gemeinsam zu uns gekommen sind. Schon bei ihrer Ankunft war klar, dass sie keine guten&#8230;<\/p>\n","protected":false},"featured_media":40158,"template":"","meta":{"_piecal_is_event":false,"_piecal_start_date":"","_piecal_end_date":"","_piecal_is_allday":false},"product_cat":[147,111,765],"product_tag":[],"_links":{"self":[{"href":"https:\/\/tsv-giessen.de\/index.php?rest_route=\/wp\/v2\/product\/40195"}],"collection":[{"href":"https:\/\/tsv-giessen.de\/index.php?rest_route=\/wp\/v2\/product"}],"about":[{"href":"https:\/\/tsv-giessen.de\/index.php?rest_route=\/wp\/v2\/types\/product"}],"wp:featuredmedia":[{"embeddable":true,"href":"https:\/\/tsv-giessen.de\/index.php?rest_route=\/wp\/v2\/media\/40158"}],"wp:attachment":[{"href":"https:\/\/tsv-giessen.de\/index.php?rest_route=%2Fwp%2Fv2%2Fmedia&parent=40195"}],"wp:term":[{"taxonomy":"product_cat","embeddable":true,"href":"https:\/\/tsv-giessen.de\/index.php?rest_route=%2Fwp%2Fv2%2Fproduct_cat&post=40195"},{"taxonomy":"product_tag","embeddable":true,"href":"https:\/\/tsv-giessen.de\/index.php?rest_route=%2Fwp%2Fv2%2Fproduct_tag&post=40195"}],"curies":[{"name":"wp","href":"https:\/\/api.w.org\/{rel}","templated":true}]}}