{"id":39605,"date":"2026-04-04T10:17:41","date_gmt":"2026-04-04T08:17:41","guid":{"rendered":"https:\/\/tsv-giessen.de\/?post_type=product&#038;p=39605"},"modified":"2026-04-04T10:33:34","modified_gmt":"2026-04-04T08:33:34","slug":"alaaf","status":"publish","type":"product","link":"https:\/\/tsv-giessen.de\/?product=alaaf","title":{"rendered":"Alaaf"},"content":{"rendered":"<p data-start=\"149\" data-end=\"273\">Sein Name ist Programm: Alaaf kam an Rosenmontag zu uns \u2013 und genauso bunt, laut und lebensfroh ist er heute auch unterwegs.<\/p>\n<p data-start=\"275\" data-end=\"680\">Gefunden wurde er damals mitten auf der Stra\u00dfe. Er sa\u00df einfach da\u2026 und ging nicht weg. Und als wir ihn n\u00e4her anschauten, wurde schnell klar: Dieser kleine Kerl war mehr tot als lebendig. Stark verschnupft, v\u00f6llig abgemagert und mit einem Gebiss, das ihm gro\u00dfe Schmerzen bereitet haben muss. Und trotzdem \u2013 oder vielleicht gerade deshalb \u2013 hatte er diesen einen, un\u00fcbersehbaren Willen: <strong data-start=\"660\" data-end=\"680\">Er wollte leben.<\/strong><\/p>\n<p data-start=\"682\" data-end=\"697\">Und das hat er.<\/p>\n<p data-start=\"699\" data-end=\"1009\">Mit viel Geduld, Zeit und intensiver medizinischer Versorgung hat sich Alaaf zur\u00fcck ins Leben gek\u00e4mpft. Heute ist er kastriert, gechipt, geimpft, entwurmt, entfloht und selbstverst\u00e4ndlich negativ auf FIV und Leukose getestet. Vor allem aber ist er eins geworden: ein fitter, aktiver, lebensfroher junger Kater.<\/p>\n<p data-start=\"1011\" data-end=\"1348\">Seine Z\u00e4hne musste er dabei fast vollst\u00e4ndig lassen \u2013 nur seine beiden unteren Canini sind ihm geblieben. Das st\u00f6rt ihn allerdings herzlich wenig. Ganz im Gegenteil: Manchmal bleibt seine Oberlippe charmant an den kleinen Fangz\u00e4hnchen h\u00e4ngen, was ihm einen herrlich schr\u00e4gen Gesichtsausdruck verleiht, der einfach nur zum Schmunzeln ist.<\/p>\n<p data-start=\"1350\" data-end=\"1662\">Charakterlich ist Alaaf ein echtes Energieb\u00fcndel. Er ist verspielt, neugierig und immer mitten im Geschehen \u2013 ein kleiner Wirbelwind, der das Leben in vollen Z\u00fcgen genie\u00dft. Man k\u00f6nnte fast sagen: ein bisschen \u201eADHS-m\u00e4\u00dfig\u201c unterwegs, mit ganz viel Entdeckergeist und noch etwas Luft nach oben in Sachen Erziehung.<\/p>\n<p data-start=\"1664\" data-end=\"1930\">Mit anderen Katzen ist Alaaf gut vertr\u00e4glich. Besonders ins Herz geschlossen hat er bei uns seinen Kumpel Leon \u2013 die beiden k\u00f6nnten sehr gerne gemeinsam in ein neues Zuhause ziehen. Alternativ braucht er unbedingt einen passenden, etwa gleichaltrigen Spielkameraden.<\/p>\n<p data-start=\"1932\" data-end=\"2235\">F\u00fcr Alaaf w\u00fcnschen wir uns ein Zuhause mit viel Leben: Kinder sind herzlich willkommen, Trubel findet er gro\u00dfartig \u2013 je mehr los ist, desto besser! Er wird in Wohnungshaltung vermittelt, w\u00fcrde sich aber sehr \u00fcber einen gesicherten Balkon oder Garten freuen, um frische Luft und Sonne genie\u00dfen zu k\u00f6nnen.<\/p>\n<p data-start=\"2237\" data-end=\"2405\">Alaaf ist kein leiser Begleiter.<br data-start=\"2269\" data-end=\"2272\" \/>Er ist ein kleiner K\u00e4mpfer, ein Clown, ein Herz auf vier Pfoten \u2013 und bereit, die Welt (und dein Zuhause) auf den Kopf zu stellen. \ud83d\udc9b<\/p>\n<p><strong>Bemerkung:<\/strong><br \/>\nDie Beschreibungen sind Momentaufnahmen des Tieres in unserem Tierheim. Jedes Tier kann sich im neuen Zuhause anders entwickeln.<\/p>\n","protected":false},"excerpt":{"rendered":"<p>Sein Name ist Programm: Alaaf kam an Rosenmontag zu uns \u2013 und genauso bunt, laut und lebensfroh ist er heute auch unterwegs. Gefunden wurde er damals mitten auf der Stra\u00dfe&#8230;.<\/p>\n","protected":false},"featured_media":39606,"template":"","meta":{"_piecal_is_event":false,"_piecal_start_date":"","_piecal_end_date":"","_piecal_is_allday":false},"product_cat":[59,61],"product_tag":[],"_links":{"self":[{"href":"https:\/\/tsv-giessen.de\/index.php?rest_route=\/wp\/v2\/product\/39605"}],"collection":[{"href":"https:\/\/tsv-giessen.de\/index.php?rest_route=\/wp\/v2\/product"}],"about":[{"href":"https:\/\/tsv-giessen.de\/index.php?rest_route=\/wp\/v2\/types\/product"}],"wp:featuredmedia":[{"embeddable":true,"href":"https:\/\/tsv-giessen.de\/index.php?rest_route=\/wp\/v2\/media\/39606"}],"wp:attachment":[{"href":"https:\/\/tsv-giessen.de\/index.php?rest_route=%2Fwp%2Fv2%2Fmedia&parent=39605"}],"wp:term":[{"taxonomy":"product_cat","embeddable":true,"href":"https:\/\/tsv-giessen.de\/index.php?rest_route=%2Fwp%2Fv2%2Fproduct_cat&post=39605"},{"taxonomy":"product_tag","embeddable":true,"href":"https:\/\/tsv-giessen.de\/index.php?rest_route=%2Fwp%2Fv2%2Fproduct_tag&post=39605"}],"curies":[{"name":"wp","href":"https:\/\/api.w.org\/{rel}","templated":true}]}}