{"id":39593,"date":"2026-03-31T20:03:34","date_gmt":"2026-03-31T18:03:34","guid":{"rendered":"https:\/\/tsv-giessen.de\/?post_type=product&#038;p=39593"},"modified":"2026-04-04T10:05:19","modified_gmt":"2026-04-04T08:05:19","slug":"leia","status":"publish","type":"product","link":"https:\/\/tsv-giessen.de\/?product=leia","title":{"rendered":"Leia"},"content":{"rendered":"<p class=\"isSelectedEnd\">Die liebe Leia musste ihr Zuhause schweren Herzens verlassen, da ihr Besitzer ins Pflegeheim gekommen ist. Nun wartet sie auf Menschen, die ihr mit Geduld und Herz ein neues Zuhause schenken m\u00f6chten.<\/p>\n<p class=\"isSelectedEnd\">Leia ist eine sehr verschmuste Katze, die sich anfangs eher zur\u00fcckhaltend und ruhig zeigt. Sie braucht ein wenig Zeit, bis das Eis gebrochen ist \u2013 doch hat sie erst Vertrauen gefasst, zeigt sie ihre wunderbare, freundliche und menschenbezogene Seite und genie\u00dft die N\u00e4he zu ihren Bezugspersonen sehr.<\/p>\n<p class=\"isSelectedEnd\">Mit anderen Katzen kann sie koexistieren, ruhige Artgenossen in \u00e4hnlichem Alter k\u00f6nnen also gerne in ihrem neuen Zuhause vorhanden sein.<\/p>\n<p class=\"isSelectedEnd\">F\u00fcr Leia w\u00fcnschen wir uns ein ruhiges Zuhause, in dem man ihr die Zeit gibt, in ihrem eigenen Tempo anzukommen. Sie eignet sich gut f\u00fcr die Wohnungshaltung, w\u00fcrde sich aber auch \u00fcber einen gesicherten Freigang freuen.<\/p>\n<p>Wer gibt dieser sanften Seele die Chance auf einen Neuanfang? \ud83d\udc9b<\/p>\n<p><strong>Bemerkung:<\/strong><br \/>\nDie Beschreibungen sind Momentaufnahmen des Tieres in unserem Tierheim. Jedes Tier kann sich im neuen Zuhause anders entwickeln.<\/p>\n","protected":false},"excerpt":{"rendered":"<p>Die liebe Leia musste ihr Zuhause schweren Herzens verlassen, da ihr Besitzer ins Pflegeheim gekommen ist. Nun wartet sie auf Menschen, die ihr mit Geduld und Herz ein neues Zuhause&#8230;<\/p>\n","protected":false},"featured_media":39594,"template":"","meta":{"_piecal_is_event":false,"_piecal_start_date":"","_piecal_end_date":"","_piecal_is_allday":false},"product_cat":[59,61],"product_tag":[],"_links":{"self":[{"href":"https:\/\/tsv-giessen.de\/index.php?rest_route=\/wp\/v2\/product\/39593"}],"collection":[{"href":"https:\/\/tsv-giessen.de\/index.php?rest_route=\/wp\/v2\/product"}],"about":[{"href":"https:\/\/tsv-giessen.de\/index.php?rest_route=\/wp\/v2\/types\/product"}],"wp:featuredmedia":[{"embeddable":true,"href":"https:\/\/tsv-giessen.de\/index.php?rest_route=\/wp\/v2\/media\/39594"}],"wp:attachment":[{"href":"https:\/\/tsv-giessen.de\/index.php?rest_route=%2Fwp%2Fv2%2Fmedia&parent=39593"}],"wp:term":[{"taxonomy":"product_cat","embeddable":true,"href":"https:\/\/tsv-giessen.de\/index.php?rest_route=%2Fwp%2Fv2%2Fproduct_cat&post=39593"},{"taxonomy":"product_tag","embeddable":true,"href":"https:\/\/tsv-giessen.de\/index.php?rest_route=%2Fwp%2Fv2%2Fproduct_tag&post=39593"}],"curies":[{"name":"wp","href":"https:\/\/api.w.org\/{rel}","templated":true}]}}