{"id":38905,"date":"2026-02-25T16:46:50","date_gmt":"2026-02-25T15:46:50","guid":{"rendered":"https:\/\/tsv-giessen.de\/?post_type=product&#038;p=38905"},"modified":"2026-03-11T15:19:19","modified_gmt":"2026-03-11T14:19:19","slug":"lotte-lotto","status":"publish","type":"product","link":"https:\/\/tsv-giessen.de\/?product=lotte-lotto","title":{"rendered":"Lotte &amp; Lotto"},"content":{"rendered":"<p data-start=\"87\" data-end=\"279\">Lotte und Lotto kamen gemeinsam wegen eines Umzugs zu uns \u2013 und sollen auch unbedingt gemeinsam in ihr neues Zuhause ziehen. Die beiden h\u00e4ngen aneinander und geben sich gegenseitig Sicherheit.<\/p>\n<p data-start=\"281\" data-end=\"718\">Im Alltag zeigen sie sich bereits mutig: Sie bewegen sich frei im Raum, auch wenn Menschen anwesend sind, und k\u00f6nnen dabei sogar entspannen. N\u00e4he aus der Distanz klappt also schon richtig gut. Ber\u00fchrungen finden beide aktuell noch etwas gruselig \u2013 hier unterscheiden sie sich jedoch ein wenig: <strong data-start=\"575\" data-end=\"584\">Lotto<\/strong> nimmt bei direktem Kontakt lieber Rei\u00dfaus, w\u00e4hrend <strong data-start=\"636\" data-end=\"645\">Lotte<\/strong> Ber\u00fchrungen schon zul\u00e4sst und sogar langsam beginnt, sie zu genie\u00dfen. \ud83d\udc9b<\/p>\n<p data-start=\"720\" data-end=\"955\">Andere vertr\u00e4gliche Katzen d\u00fcrfen im neuen Zuhause gerne vorhanden sein, denn sozial sind die beiden. Wichtig ist au\u00dferdem, dass <strong data-start=\"849\" data-end=\"869\">Freigang m\u00f6glich<\/strong> ist \u2013 die Option, drau\u00dfen unterwegs zu sein, geh\u00f6rt f\u00fcr Lotte und Lotto einfach dazu.<\/p>\n<p data-start=\"957\" data-end=\"1261\" data-is-last-node=\"\" data-is-only-node=\"\">Sie suchen ein ruhiges, geduldiges Zuhause, in dem man nichts erzwingen m\u00f6chte und ihnen Zeit gibt, Vertrauen weiter aufzubauen. Wer Freude daran hat, leise Fortschritte zu begleiten, wird mit Lotte &amp; Lotto zwei sanfte Katzen finden, die Schritt f\u00fcr Schritt ihren Weg in die N\u00e4he des Menschen gehen. \ud83d\udc3e\ud83d\udc99<\/p>\n<p><strong>Bemerkung:<\/strong><br \/>\nDie Beschreibungen sind Momentaufnahmen des Tieres in unserem Tierheim. Jedes Tier kann sich im neuen Zuhause anders entwickeln.<\/p>\n","protected":false},"excerpt":{"rendered":"<p>Lotte und Lotto kamen gemeinsam wegen eines Umzugs zu uns \u2013 und sollen auch unbedingt gemeinsam in ihr neues Zuhause ziehen. Die beiden h\u00e4ngen aneinander und geben sich gegenseitig Sicherheit&#8230;.<\/p>\n","protected":false},"featured_media":38907,"template":"","meta":{"_piecal_is_event":false,"_piecal_start_date":"","_piecal_end_date":"","_piecal_is_allday":false},"product_cat":[59,60],"product_tag":[],"_links":{"self":[{"href":"https:\/\/tsv-giessen.de\/index.php?rest_route=\/wp\/v2\/product\/38905"}],"collection":[{"href":"https:\/\/tsv-giessen.de\/index.php?rest_route=\/wp\/v2\/product"}],"about":[{"href":"https:\/\/tsv-giessen.de\/index.php?rest_route=\/wp\/v2\/types\/product"}],"wp:featuredmedia":[{"embeddable":true,"href":"https:\/\/tsv-giessen.de\/index.php?rest_route=\/wp\/v2\/media\/38907"}],"wp:attachment":[{"href":"https:\/\/tsv-giessen.de\/index.php?rest_route=%2Fwp%2Fv2%2Fmedia&parent=38905"}],"wp:term":[{"taxonomy":"product_cat","embeddable":true,"href":"https:\/\/tsv-giessen.de\/index.php?rest_route=%2Fwp%2Fv2%2Fproduct_cat&post=38905"},{"taxonomy":"product_tag","embeddable":true,"href":"https:\/\/tsv-giessen.de\/index.php?rest_route=%2Fwp%2Fv2%2Fproduct_tag&post=38905"}],"curies":[{"name":"wp","href":"https:\/\/api.w.org\/{rel}","templated":true}]}}