{"id":38884,"date":"2026-02-23T14:54:24","date_gmt":"2026-02-23T13:54:24","guid":{"rendered":"https:\/\/tsv-giessen.de\/?post_type=product&#038;p=38884"},"modified":"2026-03-28T09:39:38","modified_gmt":"2026-03-28T08:39:38","slug":"sugar","status":"publish","type":"product","link":"https:\/\/tsv-giessen.de\/?product=sugar","title":{"rendered":"Sugar"},"content":{"rendered":"<div class=\"flex-shrink-0 flex flex-col relative items-end\"><\/div>\n<div>Sugar ist ein Sperlingspapagei und z\u00e4hlt damit zu der kleinsten Papageienart, die bisher bekannt ist. So gro\u00df wie ein Wellensittich aber mit ganz viel Papageiencharakter kommt die h\u00fcbsche Dame her und sucht dringend einen Partner.<br \/>\nSie wurde bei uns abgegeben, da ihr Gef\u00e4hrte gestorben ist und sie alleine sehr gelitten hat. Bei uns sucht sie Kontakt und freut sich, wenn sie andere V\u00f6gel h\u00f6rt, aber ein Gef\u00e4hrte der eigenen Art w\u00e4re nat\u00fcrlich das allerbeste.Auch wenn Sugar nicht gro\u00df ist, m\u00f6chte sie doch viel Platz zum fliegen, erkunden und tollen haben. Eine ausreichend gro\u00dfe Voliere oder am besten ein Vogelzimmer sind die Mindestvoraussetzung f\u00fcr eine erfolgreiche Vermittlung. Potentiell kann man Sperlingspapageien mit ein wenig Geduld und den richtigen Knabbereien auch Tricks beibringen wie ihren gro\u00dfen Verwandten und mit noch mehr Geduld manchmal sogar das Sprechen (dies beherrschen allerdings nicht alle).Vielleicht hat ja jemand zuhause schon einen Schwarm an Sperlingspapageien oder einen einsamen Mann, der wieder eine Partnerin sucht, dann melden Sie sich gerne!<\/div>\n<div class=\"flex-shrink-0 flex flex-col relative items-end\">\n<div><\/div>\n<div class=\"pt-0\">Wer kann Sugar ein artgerechtes Zuhause bieten und m\u00f6chte sie bei uns im Tierheim kennenlernen?<\/div>\n<\/div>\n<div><\/div>\n<div>Wir freuen uns \u00fcber eine Nachricht von Ihnen am besten per E-Mail.<\/div>\n<div><\/div>\n<div class=\"flex-shrink-0 flex flex-col relative items-end\">\n<div class=\"pt-0\">\n<div class=\"gizmo-bot-avatar flex h-8 w-8 items-center justify-center overflow-hidden rounded-full\"><strong>B<\/strong><b>emerkung:<\/b><\/div>\n<\/div>\n<\/div>\n<p><span class=\"fs13 cf1 ff1\">Die Beschreibungen sind Momentaufnahmen des Tieres in unserem Tierheim. Jedes Tier kann sich im neuen Zuhause anders entwickeln.<\/span><\/p>\n","protected":false},"excerpt":{"rendered":"<p>Sugar ist ein Sperlingspapagei und z\u00e4hlt damit zu der kleinsten Papageienart, die bisher bekannt ist. So gro\u00df wie ein Wellensittich aber mit ganz viel Papageiencharakter kommt die h\u00fcbsche Dame her&#8230;<\/p>\n","protected":false},"featured_media":38885,"template":"","meta":{"_piecal_is_event":false,"_piecal_start_date":"","_piecal_end_date":"","_piecal_is_allday":false},"product_cat":[111,114],"product_tag":[],"_links":{"self":[{"href":"https:\/\/tsv-giessen.de\/index.php?rest_route=\/wp\/v2\/product\/38884"}],"collection":[{"href":"https:\/\/tsv-giessen.de\/index.php?rest_route=\/wp\/v2\/product"}],"about":[{"href":"https:\/\/tsv-giessen.de\/index.php?rest_route=\/wp\/v2\/types\/product"}],"wp:featuredmedia":[{"embeddable":true,"href":"https:\/\/tsv-giessen.de\/index.php?rest_route=\/wp\/v2\/media\/38885"}],"wp:attachment":[{"href":"https:\/\/tsv-giessen.de\/index.php?rest_route=%2Fwp%2Fv2%2Fmedia&parent=38884"}],"wp:term":[{"taxonomy":"product_cat","embeddable":true,"href":"https:\/\/tsv-giessen.de\/index.php?rest_route=%2Fwp%2Fv2%2Fproduct_cat&post=38884"},{"taxonomy":"product_tag","embeddable":true,"href":"https:\/\/tsv-giessen.de\/index.php?rest_route=%2Fwp%2Fv2%2Fproduct_tag&post=38884"}],"curies":[{"name":"wp","href":"https:\/\/api.w.org\/{rel}","templated":true}]}}