{"id":38446,"date":"2026-01-26T06:48:01","date_gmt":"2026-01-26T05:48:01","guid":{"rendered":"https:\/\/tsv-giessen.de\/?post_type=product&#038;p=38446"},"modified":"2026-01-26T06:56:12","modified_gmt":"2026-01-26T05:56:12","slug":"samu-2","status":"publish","type":"product","link":"https:\/\/tsv-giessen.de\/?product=samu-2","title":{"rendered":"Samu"},"content":{"rendered":"<p style=\"font-weight: 400\">Samu<br \/>\nMischlingsr\u00fcde, kastriert<br \/>\n*01.03.2024<br \/>\nSchulterh\u00f6he: 58 cm<br \/>\nGewicht: 30 kg<br \/>\nIn einer Pflegestelle in 63811\u00a0Stockstadt am Main<\/p>\n<p style=\"font-weight: 400\"><strong><em><u>Samu auf einen Blick:<\/u><\/em><\/strong><em><br \/>\nAnh\u00e4nglich, verschmust, intelligent, sportlich, aufgeweckt, lernwillig, neugierig, menschenbezogen, anf\u00e4nglich unsicher, territorial, ben\u00f6tigt klare F\u00fchrung, motivierbar, arbeitsfreudig, treu, aktiv, braucht hundeerfahrene Menschen.<\/em><\/p>\n<p style=\"font-weight: 400\">\n<strong>Der sportliche Samu braucht N\u00e4he und Sicherheit<\/strong><\/p>\n<p style=\"font-weight: 400\">Der h\u00fcbsche R\u00fcde mit der wei\u00dfen Blesse ist ein intelligenter, neugieriger, sportlicher und aufgeweckter R\u00fcde, der k\u00f6rperlich und geistig gef\u00f6rdert werden m\u00f6chte.<\/p>\n<p style=\"font-weight: 400\">In der Vergangenheit fehlte ihm klare F\u00fchrung und Struktur, weshalb er unsicher und auch mit Angst reagierte. Wir denken, dass er Schlimmes erlebt hat, was ihn gepr\u00e4gt hat &#8211; vermutlich geschah es durch einen Mann, denn er zeigt deutlich Angst vor M\u00e4nnern.<\/p>\n<p style=\"font-weight: 400\">Samu zeigt ein ausgepr\u00e4gtes territoriales Verhalten und passt aufmerksam auf sein Zuhause auf. Mit einer klaren F\u00fchrung und ruhiger souver\u00e4ner Ausstrahlung l\u00e4sst Samu sich aber gut anleiten und akzeptiert, wenn ihm Verantwortung abgenommen wird, denn im Grunde will er nichts anderes als kompetente F\u00fchrung. Samu braucht einen Menschen, an dem er sich orientieren kann.<\/p>\n<p style=\"font-weight: 400\">Beim Spaziergang reagiert er derzeit noch angespannt auf fremde Hunde, ist Menschen gegen\u00fcber jedoch freundlich und interessiert. Er ist leinenf\u00fchrig und geht auch gerne Gassi. Samu kennt auch die Grundkommandos und kann problemlos alleine bleiben.<\/p>\n<p style=\"font-weight: 400\">Samu ist sehr verschmust, sucht die N\u00e4he zu seiner Bezugsperson und genie\u00dft gemeinsame Zeit. Er liebt es seinen Kopf an seiner Bezugsperson zu reiben.<\/p>\n<p style=\"font-weight: 400\">Mit anderen Hunden ist er vertr\u00e4glich, jedoch denken wir, dass er zu seinem Gl\u00fcck keinen anderen Hund in seinem Haushalt braucht.<\/p>\n<p style=\"font-weight: 400\">Als Welpe war Samu auch mit Katzen vertr\u00e4glich. Wir haben aber keine Erfahrungswerte, ob er sich daran noch erinnert!<\/p>\n<p style=\"font-weight: 400\">Samu hat H\u00fctehundgene und will arbeiten und k\u00f6rperlich und geistig gefordert werden. Hundesport oder gemeinsam Sport mit seinem Menschen machen, das w\u00e4re absolut sein Ding. Samu arbeitet gerne mit seinem Menschen zusammen und ist mit Futter sehr gut motivierbar. Er will zeigen was er kann und seinen Menschen gefallen.<\/p>\n<p style=\"font-weight: 400\">F\u00fcr Samu wird ein Zuhause bei hundeerfahrenen und sportlichen Menschen gesucht die ihm Sicherheit, Struktur und eine klare und konsequente F\u00fchrung geben k\u00f6nnen. Bei einer kompetenten und sicheren F\u00fchrung kann Samu zur Ruhe kommen, Vertrauen aufbauen und seine positiven Eigenschaften zeigen, denn\u00a0Samu ist ein intelligenter Hund, der gerne lernt und mit der richtigen F\u00fchrung zu einem verl\u00e4sslichen und treuen Begleiter wird.<\/p>\n<p style=\"font-weight: 400\">Wir geben Vermittlungshilfe.<\/p>\n<p style=\"font-weight: 400\">\n<p style=\"font-weight: 400\">Sie haben Interesse an Samu?<\/p>\n<p style=\"font-weight: 400\">Anfragen \u00fcber:\u00a0<a href=\"https:\/\/www.tierschutz-griesand.de\/anfrage\/?utm_source=chatgpt.com\">https:\/\/www.tierschutz-griesand.de\/anfrage\/<\/a><\/p>\n<p style=\"font-weight: 400\"><strong><a href=\"http:\/\/tierschutzag.de\/\">TierschutzAG.de<\/a><br \/>\n<\/strong>Anja Griesand<br \/>\n<a href=\"mailto:Info@TierschutzAG.de\">Info@TierschutzAG.de<\/a><\/p>\n<p><strong>Bemerkung:<\/strong><\/p>\n<p><span class=\"fs13 cf1 ff1\"> Beschreibungen sind Momentaufnahmen des Tieres in unserem Tierheim. Jedes Tier kann sich im neuen Zuhause anders entwickeln.<\/span><\/p>\n","protected":false},"excerpt":{"rendered":"<p>Samu Mischlingsr\u00fcde, kastriert *01.03.2024 Schulterh\u00f6he: 58 cm Gewicht: 30 kg In einer Pflegestelle in 63811\u00a0Stockstadt am Main Samu auf einen Blick: Anh\u00e4nglich, verschmust, intelligent, sportlich, aufgeweckt, lernwillig, neugierig, menschenbezogen, anf\u00e4nglich&#8230;<\/p>\n","protected":false},"featured_media":38458,"template":"","meta":{"_piecal_is_event":false,"_piecal_start_date":"","_piecal_end_date":"","_piecal_is_allday":false},"product_cat":[1746],"product_tag":[],"_links":{"self":[{"href":"https:\/\/tsv-giessen.de\/index.php?rest_route=\/wp\/v2\/product\/38446"}],"collection":[{"href":"https:\/\/tsv-giessen.de\/index.php?rest_route=\/wp\/v2\/product"}],"about":[{"href":"https:\/\/tsv-giessen.de\/index.php?rest_route=\/wp\/v2\/types\/product"}],"wp:featuredmedia":[{"embeddable":true,"href":"https:\/\/tsv-giessen.de\/index.php?rest_route=\/wp\/v2\/media\/38458"}],"wp:attachment":[{"href":"https:\/\/tsv-giessen.de\/index.php?rest_route=%2Fwp%2Fv2%2Fmedia&parent=38446"}],"wp:term":[{"taxonomy":"product_cat","embeddable":true,"href":"https:\/\/tsv-giessen.de\/index.php?rest_route=%2Fwp%2Fv2%2Fproduct_cat&post=38446"},{"taxonomy":"product_tag","embeddable":true,"href":"https:\/\/tsv-giessen.de\/index.php?rest_route=%2Fwp%2Fv2%2Fproduct_tag&post=38446"}],"curies":[{"name":"wp","href":"https:\/\/api.w.org\/{rel}","templated":true}]}}