{"id":38328,"date":"2026-01-20T06:59:45","date_gmt":"2026-01-20T05:59:45","guid":{"rendered":"https:\/\/tsv-giessen.de\/?post_type=product&#038;p=38328"},"modified":"2026-03-25T21:39:15","modified_gmt":"2026-03-25T20:39:15","slug":"ernie-und-bert","status":"publish","type":"product","link":"https:\/\/tsv-giessen.de\/?product=ernie-und-bert","title":{"rendered":"Ernie und Bert"},"content":{"rendered":"<p>Update:<\/p>\n<p>Ernie und Bert haben sich bei uns inzwischen richtig gut eingelebt. Die beiden machen Spazierg\u00e4nge mit ihren Hundebegleitern und zeigen sich drau\u00dfen an der Leine freudig und freundlich.<\/p>\n<p>Beide Hunden sind gerne drau\u00dfen und k\u00f6nnen auch eine Zeitlang getrennt voneinander verbringen. Allerdings orientiert sich besonders Ernie sehr stark an Bert und braucht seinen Hundefreund als sichere Orientierung.<\/p>\n<p>Ernie braucht im neuen Zuhause Ruhe und gleich bleibende Strukturen. Im Haushalt sollten keine weiteren Tiere leben, da es sonst f\u00fcr ihn sehr schwierig wird sich zu orientieren.<\/p>\n<p>Auch der Vermittlungsprozess der beiden wird einige Zeit in Anspruch nehmen, da Ernie St\u00fcck f\u00fcr St\u00fcck an sein neues Zuhause gew\u00f6hnt werden muss.<\/p>\n<p>Update : Die beiden wurden mittlerweile sch\u00f6n beim Hundefris\u00f6r zurechtgemacht. Sie entwickeln sich bei uns aktuell auch super und lernen die Welt kennen.<\/p>\n<p>Ernie und Bert wurden nach den sympathischen Charakteren aus der Sesamstra\u00dfe benannt. Ein manchmal ungleiches Duo, was aber ohne einander nicht kann und welches eine tiefe, unzertrennliche Freundschaft verbindet.<\/p>\n<p>Wie ihre Namensgeber sind Ernie und Bert sehr unterschiedlich und dennoch aufeinander angewiesen und suchen nur gemeinsam ein neues Zuhause.<\/p>\n<p>Ernie und Bert wurden im Tierheim aus \u00dcberforderung und Zeitmangel abgegeben. Der Pflegezustand der beiden Yorkshire Terrier war erschreckend: Viel zu lange Krallen, verfilztes Fell am ganzen K\u00f6rper (anstatt auf ihren Ballen liefen sie auf Filzmatten), sie hatten Fl\u00f6he und waren mit Kot verschmiert.<\/p>\n<p>Die beiden kastrierten R\u00fcden stammten aus einer unseri\u00f6sen &#8220;Vermehrer-Zucht&#8221;. Ernie ist ein trauriges Beispiel, was eine willk\u00fcrliche, unseri\u00f6se und verantwortungslose Vermehrung von Hunden anrichten kann. Ernie ist das Ergebnis einer &#8220;merle + merle&#8221; Verpaarung. Das &#8220;merle-Gen&#8221; f\u00fchrt zu einem besonderen Farbschlag, den viele Menschen optisch besonders sch\u00f6n finden. Allerdings handelt es sich dabei um einen &#8220;Genfehler&#8221;. Verpaart man zwei Hunde, die das &#8220;merle-Gen&#8221; tragen, sind die Welpen schwer krank und teilweise nicht lebensf\u00e4hig. Die Welpen sind h\u00e4ufig wei\u00df (bzw haben einen hohen Wei\u00dfanteil), k\u00f6nnen blind und\/oder taub sein und noch weitere Sch\u00e4den aufweisen. Eine absichtliche Verpaarung ist absolut zu verurteilen.<\/p>\n<p>Ernie ist blind (er kann wahrscheinlich nur noch Lichtunterschiede wahrnehmen), ebenfalls scheint er taub zu sein und hat Schwierigkeiten mit dem Gleichgewichtssinn. Er h\u00e4lt den Kopf schr\u00e4g nach oben und l\u00e4uft viel im Kreis. Dennoch ist er in der Lage sich im Raum zurecht zu finden. Ernie setzt vor allem seinen Geruchssinn ein und orientiert sich an Bert. Nimmt der junge R\u00fcde einen Menschen war, freut er sich sehr. Er zeigt sich bisher unfassbar freundlich und aufgeschlossen. Die tier\u00e4rztliche Behandlung, Krallen schneiden und baden hat er tapfer mitgemacht und das anschlie\u00dfende Kuscheln sehr genossen. Der fast 2-j\u00e4hrige R\u00fcde ben\u00f6tigt viel F\u00fcrsorge, Pflege, Betreuung und ein ruhiges Zuhause.<\/p>\n<p>Bert ist ein 6-j\u00e4hriger choco merle Yorkshire Terrier. Er ist kastriert und zeigt sich bei uns noch eher ruhig aber aufgeschlossen. Bert hat ein sehr freundliches Wesen und lie\u00df ebenfalls jede Behandlung ruhig \u00fcber sich ergehen. Das anschlie\u00dfende B\u00fcrsten und Kuscheln konnte er sogar ein wenig genie\u00dfen.<\/p>\n<p>Bert ist eine gro\u00dfe St\u00fctze f\u00fcr Ernie aber er h\u00e4ngt auch selbst sehr an seinem Freund.<\/p>\n<p>Die beiden R\u00fcden bekommen nun Zeit sich ein wenig einzuleben und anzukommen. Als n\u00e4chstes steht noch ein Friseurtermin an, damit sie sich in ihrem Fell wieder wohl f\u00fchlen k\u00f6nnen.<\/p>\n<p>Wir berichten \u00fcber ihre weitere Entwicklung.<\/p>\n<p>Wer sich der Verantwortung und den pflegerischen Aufwand bewusst ist und Ernie und Bert ein ruhiges und stabiles Umfeld bieten kann, darf sich sehr gerne am besten per E-Mail an das Tierheim wenden. Auch \u00fcber Paten, die sie auf ihren Weg unterst\u00fctzen m\u00f6chten, w\u00fcrden die Beiden sich sehr freuen.<\/p>\n<p>Wer hat sein Herz an unser liebenswertes Duo verloren?<\/p>\n<p><strong>Bemerkung:<\/strong><\/p>\n<p><span class=\"fs13 cf1 ff1\"> Beschreibungen sind Momentaufnahmen des Tieres in unserem Tierheim. Jedes Tier kann sich im neuen Zuhause anders entwickeln.<\/span><\/p>\n","protected":false},"excerpt":{"rendered":"<p>Update: Ernie und Bert haben sich bei uns inzwischen richtig gut eingelebt. Die beiden machen Spazierg\u00e4nge mit ihren Hundebegleitern und zeigen sich drau\u00dfen an der Leine freudig und freundlich. Beide&#8230;<\/p>\n","protected":false},"featured_media":39048,"template":"","meta":{"_piecal_is_event":false,"_piecal_start_date":"","_piecal_end_date":"","_piecal_is_allday":false},"product_cat":[110,147,41,42],"product_tag":[],"_links":{"self":[{"href":"https:\/\/tsv-giessen.de\/index.php?rest_route=\/wp\/v2\/product\/38328"}],"collection":[{"href":"https:\/\/tsv-giessen.de\/index.php?rest_route=\/wp\/v2\/product"}],"about":[{"href":"https:\/\/tsv-giessen.de\/index.php?rest_route=\/wp\/v2\/types\/product"}],"wp:featuredmedia":[{"embeddable":true,"href":"https:\/\/tsv-giessen.de\/index.php?rest_route=\/wp\/v2\/media\/39048"}],"wp:attachment":[{"href":"https:\/\/tsv-giessen.de\/index.php?rest_route=%2Fwp%2Fv2%2Fmedia&parent=38328"}],"wp:term":[{"taxonomy":"product_cat","embeddable":true,"href":"https:\/\/tsv-giessen.de\/index.php?rest_route=%2Fwp%2Fv2%2Fproduct_cat&post=38328"},{"taxonomy":"product_tag","embeddable":true,"href":"https:\/\/tsv-giessen.de\/index.php?rest_route=%2Fwp%2Fv2%2Fproduct_tag&post=38328"}],"curies":[{"name":"wp","href":"https:\/\/api.w.org\/{rel}","templated":true}]}}