{"id":38206,"date":"2026-01-07T16:21:21","date_gmt":"2026-01-07T15:21:21","guid":{"rendered":"https:\/\/tsv-giessen.de\/?post_type=product&#038;p=38206"},"modified":"2026-01-07T16:29:41","modified_gmt":"2026-01-07T15:29:41","slug":"cherie","status":"publish","type":"product","link":"https:\/\/tsv-giessen.de\/?product=cherie","title":{"rendered":"Ch\u00e9rie"},"content":{"rendered":"<p style=\"font-weight: 400\">Ch\u00e9rie<br \/>\nLabrador-Mischlingsh\u00fcndin, kastriert<\/p>\n<p style=\"font-weight: 400\">*23.08.2015 (ist j\u00fcnger als angegeben!)<br \/>\nSchulterh\u00f6he: 52 cm<\/p>\n<p style=\"font-weight: 400\">Gewicht: 22 kg<br \/>\nIn einer Pflegestelle in 55595 Sparbr\u00fccken<\/p>\n<p style=\"font-weight: 400\">\n<p style=\"font-weight: 400\"><em><u>Cherie auf einen Blick:<\/u><\/em><em><br \/>\nfreundlich, kinderlieb, aktiv, lebhaft, verspielt, intelligent, lernfreudig, menschenbezogen, aufmerksam, gut vertr\u00e4glich, neugierig, lebensfroh.<\/em><\/p>\n<p style=\"font-weight: 400\">\n<p style=\"font-weight: 400\"><strong>Die lebhafte Ch\u00e9rie, der Liebling aller Kinder<\/strong><\/p>\n<p style=\"font-weight: 400\">Ch\u00e9rie ist einfach nur bezaubernd und wird von allen geliebt, die sie kennenlernen. Das franz\u00f6sische Wort f\u00fcr Liebling \u201eCh\u00e9rie\u201c passt daher sehr gut zu dieser liebenswerten H\u00fcndin. In ihrer Pflegefamilie wird sie \u201eAmy\u201c genannt.<\/p>\n<p style=\"font-weight: 400\">Ch\u00e9rie wurde von ihrem fr\u00fcheren Besitzer vor dem Tierheim ausgesetzt. Sie ist eine aktive, bewegungsfreudige und verspielte H\u00fcndin, die vermutlich deutlich j\u00fcnger als zehn Jahre alt ist.<\/p>\n<p style=\"font-weight: 400\">Sie ist aufmerksam, lernt schnell, arbeitet motiviert mit Menschen und zeigt sich insgesamt intelligent und aufgeschlossen. Sie liebt es, geistig und k\u00f6rperlich gefordert und gef\u00f6rdert zu werden.<\/p>\n<p style=\"font-weight: 400\">Menschen gegen\u00fcber ist sie freundlich, sucht deren N\u00e4he und genie\u00dft Streicheleinheiten und Zuwendung sehr. Ch\u00e9rie liebt Kinder und Kinder lieben Ch\u00e9rie, denn sie ist stets gut gelaunt, sucht die N\u00e4he zu Kindern und spielt gerne mit ihnen oder h\u00e4lt sich einfach in ihrer Gesellschaft auf. Sie ist sehr friedfertig und immer freundlich.<\/p>\n<p style=\"font-weight: 400\">Ch\u00e9rie ist auch mit anderen Hunden gut vertr\u00e4glich und verspielt.<\/p>\n<p style=\"font-weight: 400\">Bei einem routinem\u00e4\u00dfigen Mittelmeerbluttest wurde Anaplasmose festgestellt, eine durch Zecken \u00fcbertragene Erkrankung. Sie wurde vier Wochen lang mit Doxycyclin behandelt. W\u00e4hrend der Kastration wurden mehrere kleine Mammatumore entfernt. Weitere Vorerkrankungen sind nicht bekannt.<\/p>\n<p style=\"font-weight: 400\">Ch\u00e9rie kennt das Leben im Haus, ist stubenrein, kann Treppen laufen und f\u00e4hrt problemlos im Auto mit. An der Leinenf\u00fchrigkeit muss noch etwas gearbeitet werden. Ohne oder bei wenig Ablenkung l\u00e4uft sie bereits gut, bei st\u00e4rkerer Ablenkung ben\u00f6tigt sie noch Anleitung und \u00dcbung. Vermutlich wurde sie fr\u00fcher nicht regelm\u00e4\u00dfig ausgef\u00fchrt, sodass hier noch etwas Routine fehlt. Ch\u00e9rie lernt jedoch sehr schnell dazu.<\/p>\n<p style=\"font-weight: 400\">Sie ist neugierig, offen und bewegt sich souver\u00e4n in neuen Situationen.<\/p>\n<p style=\"font-weight: 400\">Im Tierheim galt sie als unkomplizierte, freundliche und lebensfrohe H\u00fcndin mit viel Energie und Lebensfreude. Sie sucht Menschen, die Freude an einem aktiven und zugewandten Hund haben, gerne auch eine Familie mit Kindern.<\/p>\n<p style=\"font-weight: 400\">Haben Sie Interesse an Ch\u00e9rie?<\/p>\n<p style=\"font-weight: 400\">Anfragen \u00fcber:\u00a0<a href=\"https:\/\/www.tierschutz-griesand.de\/anfrage\/?utm_source=chatgpt.com\">https:\/\/www.tierschutz-griesand.de\/anfrage\/<\/a><\/p>\n<p style=\"font-weight: 400\"><strong><a href=\"http:\/\/tierschutzag.de\/\">TierschutzAG.de<\/a><br \/>\n<\/strong><a href=\"mailto:Info@TierschutzAG.de\">Info@TierschutzAG.de<\/a><\/p>\n<p><strong>Bemerkung:<\/strong><\/p>\n<p><span class=\"fs13 cf1 ff1\"> Beschreibungen sind Momentaufnahmen des Tieres in unserem Tierheim. Jedes Tier kann sich im neuen Zuhause anders entwickeln.<\/span><\/p>\n","protected":false},"excerpt":{"rendered":"<p>Ch\u00e9rie Labrador-Mischlingsh\u00fcndin, kastriert *23.08.2015 (ist j\u00fcnger als angegeben!) Schulterh\u00f6he: 52 cm Gewicht: 22 kg In einer Pflegestelle in 55595 Sparbr\u00fccken Cherie auf einen Blick: freundlich, kinderlieb, aktiv, lebhaft, verspielt, intelligent,&#8230;<\/p>\n","protected":false},"featured_media":38216,"template":"","meta":{"_piecal_is_event":false,"_piecal_start_date":"","_piecal_end_date":"","_piecal_is_allday":false},"product_cat":[1746],"product_tag":[],"_links":{"self":[{"href":"https:\/\/tsv-giessen.de\/index.php?rest_route=\/wp\/v2\/product\/38206"}],"collection":[{"href":"https:\/\/tsv-giessen.de\/index.php?rest_route=\/wp\/v2\/product"}],"about":[{"href":"https:\/\/tsv-giessen.de\/index.php?rest_route=\/wp\/v2\/types\/product"}],"wp:featuredmedia":[{"embeddable":true,"href":"https:\/\/tsv-giessen.de\/index.php?rest_route=\/wp\/v2\/media\/38216"}],"wp:attachment":[{"href":"https:\/\/tsv-giessen.de\/index.php?rest_route=%2Fwp%2Fv2%2Fmedia&parent=38206"}],"wp:term":[{"taxonomy":"product_cat","embeddable":true,"href":"https:\/\/tsv-giessen.de\/index.php?rest_route=%2Fwp%2Fv2%2Fproduct_cat&post=38206"},{"taxonomy":"product_tag","embeddable":true,"href":"https:\/\/tsv-giessen.de\/index.php?rest_route=%2Fwp%2Fv2%2Fproduct_tag&post=38206"}],"curies":[{"name":"wp","href":"https:\/\/api.w.org\/{rel}","templated":true}]}}