{"id":37909,"date":"2025-12-14T17:49:57","date_gmt":"2025-12-14T16:49:57","guid":{"rendered":"https:\/\/tsv-giessen.de\/?post_type=product&#038;p=37909"},"modified":"2026-03-23T15:18:28","modified_gmt":"2026-03-23T14:18:28","slug":"shiva","status":"publish","type":"product","link":"https:\/\/tsv-giessen.de\/?product=shiva","title":{"rendered":"Shiva"},"content":{"rendered":"<p>Update M\u00e4rz 2026: Shiva kam leider aus der Vermittlung zur\u00fcck da sie mit reiner Wohnungshaltung nicht zufrieden ist. Jetzt sucht sie ein Furr-immer-Zuhause wo in einem sicheren Umfeld ihren Freigang genie\u00dfen kann. Mit anderen Katzen kommt Shiva gut zurecht, kann aber auch gut Einzelkatze leben wenn sie raus darf. Sie ist Menschen gegen\u00fcber noch zur\u00fcckhaltend aber nicht scheu. Sie l\u00e4sst sich gut mit einer Spielangel besch\u00e4ftigen und streicht beim F\u00fcttern um die Beine, aber anfassen lassen m\u00f6chte sie sich noch nicht. Wenn sie Shiva kennen lernen m\u00f6chten k\u00f6nnen sie unter 015751130503 einen Termin auf der Pflegestelle in Reiskirchen vereinbaren.<\/p>\n<p>&nbsp;<\/p>\n<p>Shiva kam leider aus der Vermittlung zur\u00fcck. Ihr Freiheitsdrang zeigte sich doch gr\u00f6\u00dfer als vermutet. Daher sucht die freiheitsliebende Shiva nun ein Zuhause als Freig\u00e4ngerin.<\/p>\n<p>Shiva ist eine unabh\u00e4ngige Katze. Menschen gegen\u00fcber zeigt sie sich sch\u00fcchtern und zur\u00fcckhaltend.<\/p>\n<p>Die getigerte Samtpfote reagiert eher sensibel. Kinder in der neuen Familie sollten daher schon etwas \u00e4lter sein. Shiva sucht ein l\u00e4ndliches Zuhause, wo sie die M\u00f6glichkeit hat sicher (weit weg von stark befahrenen Stra\u00dfen) die Umgebung zu erkunden.<\/p>\n<p>Eine souver\u00e4ne Zweitkatze k\u00f6nnte ihr vielleicht helfen zu erkennen, dass Menschen ganz okay sind. Dies ist aber kein Muss.<\/p>\n<p>Shiva braucht die M\u00f6glichkeit ihrem Freiheitsdrang auszuleben. Aber ebenso Menschen, die ihr mit Geduld und Verst\u00e4ndnis begegnen. Mit etwas Fingerspitzengef\u00fchl und Einf\u00fchlungsverm\u00f6gen erobert man auch das Herz der freiheitsliebende Shiva.<\/p>\n<p>Wer kann Shiva das passende Zuhause bieten?\u00a0Melden sie sich gerne, am besten per E-Mail, bei uns im Tierheim. Wir freuen uns auf ihren Besuch.<\/p>\n<p><strong>Bemerkung:<\/strong><\/p>\n<p>Die Beschreibungen sind Momentaufnahmen des Tieres in unserem Tierheim. Jedes Tier kann sich im neuen Zuhause anders entwickeln.<\/p>\n","protected":false},"excerpt":{"rendered":"<p>Update M\u00e4rz 2026: Shiva kam leider aus der Vermittlung zur\u00fcck da sie mit reiner Wohnungshaltung nicht zufrieden ist. Jetzt sucht sie ein Furr-immer-Zuhause wo in einem sicheren Umfeld ihren Freigang&#8230;<\/p>\n","protected":false},"featured_media":38025,"template":"","meta":{"_piecal_is_event":false,"_piecal_start_date":"","_piecal_end_date":"","_piecal_is_allday":false},"product_cat":[59,60,161],"product_tag":[],"_links":{"self":[{"href":"https:\/\/tsv-giessen.de\/index.php?rest_route=\/wp\/v2\/product\/37909"}],"collection":[{"href":"https:\/\/tsv-giessen.de\/index.php?rest_route=\/wp\/v2\/product"}],"about":[{"href":"https:\/\/tsv-giessen.de\/index.php?rest_route=\/wp\/v2\/types\/product"}],"wp:featuredmedia":[{"embeddable":true,"href":"https:\/\/tsv-giessen.de\/index.php?rest_route=\/wp\/v2\/media\/38025"}],"wp:attachment":[{"href":"https:\/\/tsv-giessen.de\/index.php?rest_route=%2Fwp%2Fv2%2Fmedia&parent=37909"}],"wp:term":[{"taxonomy":"product_cat","embeddable":true,"href":"https:\/\/tsv-giessen.de\/index.php?rest_route=%2Fwp%2Fv2%2Fproduct_cat&post=37909"},{"taxonomy":"product_tag","embeddable":true,"href":"https:\/\/tsv-giessen.de\/index.php?rest_route=%2Fwp%2Fv2%2Fproduct_tag&post=37909"}],"curies":[{"name":"wp","href":"https:\/\/api.w.org\/{rel}","templated":true}]}}