{"id":36615,"date":"2025-09-30T04:32:39","date_gmt":"2025-09-30T02:32:39","guid":{"rendered":"https:\/\/tsv-giessen.de\/?post_type=product&#038;p=36615"},"modified":"2025-09-30T04:42:19","modified_gmt":"2025-09-30T02:42:19","slug":"hope","status":"publish","type":"product","link":"https:\/\/tsv-giessen.de\/?product=hope","title":{"rendered":"Hope"},"content":{"rendered":"<p>Name: Hope<br \/>\nGeburtstag\/ Alter: 30.05.2022, 3 Jahre<br \/>\nHerkunft: Rum\u00e4nien<br \/>\nRasse: Australien Shepherd Mix<br \/>\nGeschlecht: H\u00fcndin<br \/>\nKastriert: nein, L\u00e4ufigkeit steckt sie gut weg<\/p>\n<p>Hope wurde laut Tierschutzverein als Welpe in Rum\u00e4nien eingesammelt. Sa\u00df dann bis Dezember 2024 im Shelter und kannte nur das Hundeleben im Rudel unter freiem Himmel. Als Hope bei mir eingezogen ist, kannte Sie quasi nichts und war wie ein 2,5 Jahre alter Welpe.<br \/>\nLeine, Geschirr, Halsband, Fernseher, Menschen, Gassi gehen usw. war alles bl\u00f6d und fremd. Neugierig ist sie trotzdem. Hunde liebte sie bisher alle, die uns begegnet sind. Auch Hundebesuch bei uns zu Hause ist gar kein Problem. Sie teilt ihr Spielzeug und Futter. Sie hat sich von Anfang an bei uns &#8220;alles gefallen lassen&#8221;. Verfilzungen am Schwanz oder hinter den Ohren konnten sofort ohne Probleme aus dem Fell geschnitten werden. Und auch Baden war kein Problem, wenn wohl auch nicht ihre Lieblingsbesch\u00e4ftigung. Sie genie\u00dft es gek\u00e4mmt zu werden und l\u00e4sst sich relativ gut die Krallen schneiden und Ohren s\u00e4ubern, wenn notwendig. Sie ist ein Schatz mit ihren Menschen. Hope planscht gerne im Wasser und taucht nach Steinen oder Leckerlis. Sitz, Platz, Deckenkommando, Pf\u00f6tchen geben und R\u00fcckruf klappen relativ gut. Silvester war auch gar kein Problem.<\/p>\n<p>Da niemand perfekt ist, gibt es nat\u00fcrlich auch ein paar ausbauf\u00e4hige Eigenschaften.<br \/>\nSie l\u00e4sst sich aktuell nur von einer Handvoll Menschen anfassen und findet grunds\u00e4tzlich Menschen immer noch doof. Das kommuniziert sie auch sehr klar und deutlich indem sie alles und jeden der sich auf 2m n\u00e4hert, mit Bellen\/ knurren, vertreibt. Zur Sicherheit aller gew\u00f6hnen wir uns daher an einen Maulkorb. Vor allem M\u00e4nnern gegen\u00fcber zeigt sie das Verhalten sehr deutlich und kann auch mal in die Leine springen.<br \/>\nSie meldet verl\u00e4sslich, wenn sich im Treppenhaus etwas oder jemand bewegt, die Uhrzeit spielt dabei keine Rolle. Sie weist auch darauf hin, wenn es bei uns klingelt, falls ich die Klingel mal \u00fcberh\u00f6ren sollte.<br \/>\nLeinenf\u00fchrigkeit muss ebenfalls noch ge\u00fcbt werden.<\/p>\n<p>Es bricht mir das Herz, aber ich kann Hope nicht behalten. Obwohl ich bereits einen Hund hatte, habe ich das alles leider sehr untersch\u00e4tzt. Die noch vorhandenen Baustellen, stressen mich enorm und ich werde sie aus gesundheitlichen Gr\u00fcnden nicht behalten k\u00f6nnen. Es ist niemandem geholfen, wenn sich meine gesundheitlichen Probleme verst\u00e4rken und Hope nicht die Zuwendung bekommt, die sie absolut verdient hat. Sie braucht Menschen, die ihr Sicherheit geben, da sie selbst noch sehr unsicher ist. Leider muss ich mir eingestehen, dass ich dieser Mensch nicht bin und vermutlich nie sein kann. Meine Lebensumst\u00e4nde haben sich in der kurzen Zeit zus\u00e4tzlich stark ver\u00e4ndert und ich f\u00fchle mich der Sache alleine nicht gewachsen. Ich bin selbst sehr unsicher und kann so Hope keine Sicherheit geben. Ich m\u00f6chte nicht der Grund sein, weswegen sich die nicht so tollen, trainierbaren Eigenschaften verst\u00e4rken oder festigen, aktuell ist das aber leider absolut so. Ich m\u00f6chte zu uns beiden fair sein und versuchen den richtigen Menschen f\u00fcr Hope zu finden. Sie w\u00e4re auch als Zweithund sicher gl\u00fccklich. Andere Kleintiere oder Kinder sollten besser nicht im selben Haushalt leben. Die neuen Menschen sollten bestenfalls hundeerfahren sein und einen Garten zum Toben bieten. Bis zur Vermittlung kann Hope hoffentlich bei mir bleiben, sofern meine Gesundheit mitspielt. Wir besuchen weiter die Hundeschule und arbeiten an den Baustellen.<\/p>\n<p>Du denkst, du bist genau der richtige Mensch f\u00fcr Hope?<\/p>\n<p>Dann melde dich sehr gerne per WhatsApp unter:<\/p>\n<p>01575 7999423<\/p>\n<p><span class=\"fs13 cf1 ff1\"><b>Bemerkung:<\/b><br \/>\n<\/span><span class=\"fs13 cf1 ff1\">Die Beschreibungen sind Momentaufnahmen des Tieres in unserem Tierheim. Jedes Tier kann sich im neuen Zuhause anders entwickeln.<\/span><\/p>\n","protected":false},"excerpt":{"rendered":"<p>Name: Hope Geburtstag\/ Alter: 30.05.2022, 3 Jahre Herkunft: Rum\u00e4nien Rasse: Australien Shepherd Mix Geschlecht: H\u00fcndin Kastriert: nein, L\u00e4ufigkeit steckt sie gut weg Hope wurde laut Tierschutzverein als Welpe in Rum\u00e4nien&#8230;<\/p>\n","protected":false},"featured_media":36616,"template":"","meta":{"_piecal_is_event":false,"_piecal_start_date":"","_piecal_end_date":"","_piecal_is_allday":false},"product_cat":[159],"product_tag":[],"_links":{"self":[{"href":"https:\/\/tsv-giessen.de\/index.php?rest_route=\/wp\/v2\/product\/36615"}],"collection":[{"href":"https:\/\/tsv-giessen.de\/index.php?rest_route=\/wp\/v2\/product"}],"about":[{"href":"https:\/\/tsv-giessen.de\/index.php?rest_route=\/wp\/v2\/types\/product"}],"wp:featuredmedia":[{"embeddable":true,"href":"https:\/\/tsv-giessen.de\/index.php?rest_route=\/wp\/v2\/media\/36616"}],"wp:attachment":[{"href":"https:\/\/tsv-giessen.de\/index.php?rest_route=%2Fwp%2Fv2%2Fmedia&parent=36615"}],"wp:term":[{"taxonomy":"product_cat","embeddable":true,"href":"https:\/\/tsv-giessen.de\/index.php?rest_route=%2Fwp%2Fv2%2Fproduct_cat&post=36615"},{"taxonomy":"product_tag","embeddable":true,"href":"https:\/\/tsv-giessen.de\/index.php?rest_route=%2Fwp%2Fv2%2Fproduct_tag&post=36615"}],"curies":[{"name":"wp","href":"https:\/\/api.w.org\/{rel}","templated":true}]}}