{"id":34904,"date":"2025-05-28T05:59:40","date_gmt":"2025-05-28T03:59:40","guid":{"rendered":"https:\/\/tsv-giessen.de\/?post_type=product&#038;p=34904"},"modified":"2026-05-09T16:54:02","modified_gmt":"2026-05-09T14:54:02","slug":"stella","status":"publish","type":"product","link":"https:\/\/tsv-giessen.de\/?product=stella","title":{"rendered":"Stella"},"content":{"rendered":"<p style=\"text-align: left\">Update:<\/p>\n<p style=\"text-align: left\">Unsere \u00e4ngstliche Stella, das war einmal &#8211; oder zumindest fast.<\/p>\n<p style=\"text-align: left\">Das sch\u00fcchterne Hundem\u00e4dchen mit den s\u00fc\u00dfen Knick\u00f6hrchen hat in den letzten Wochen unglaubliche Fortschritte gemacht.<\/p>\n<p style=\"text-align: left\">Es begann damit dass wir der ca. 4 Jahre alten H\u00fcndin nach mehr als 7 Monaten Training und Vertrauensaufbau endlich Maulkorb, Geschirr und Leine anlegen konnten. Mit wenig Druck oder Zwang, sondern mit ganz viel Geduld und Feingef\u00fchl, das braucht man n\u00e4mlich bei der Sch\u00f6nheit.<\/p>\n<p style=\"text-align: left\">Stella durfte anschlie\u00dfend zum ersten Mal seit \u00fcber eineinhalb Jahren seit ihrer Rettung aus einer rum\u00e4nischen T\u00f6tungsstation, gemeinsam mit ihrer Hundebegleiterin die gro\u00dfe weite Welt erkunden.<\/p>\n<p style=\"text-align: left\">Und dann ging alles pl\u00f6tzlich ganz schnell. Ein Knoten schien nach so langer Zeit endlich geplatzt zu sein.<\/p>\n<p style=\"text-align: left\">\u00dcber die letzten Wochen wurde viel mit Stella trainiert. Sie lernte das Autofahren kennen, das Mitfahren in einem Aufzug, sie erkundete neue Gegenden, durfte ausgedehnte Waldspazierg\u00e4nge genie\u00dfen und neue Hunde- und Menschenfreunde kennenlernen. Was das Autofahren betrifft, muss an dem Einsteigen noch etwas trainiert werden da Stella hier manchmal noch etwas \u00e4ngstlich ist, wenn sie dann aber erstmal im Auto drinnen ist, f\u00e4hrt sie problemlos mit.<\/p>\n<p style=\"text-align: left\">Das An-und Ausziehen von Geschirr etc. wurde weiter ge\u00fcbt, sodass sich Stella von Bezugspersonen(!) mittlerweile problemlos Geschirr und Leine an-und ausziehen l\u00e4sst. Drau\u00dfen zeigte Stella sich von Anfang an relativ umweltsicher. Ob laute Ger\u00e4usche, Autos, Pferde, Radfahrer, Jogger, laute Baustellen, Autobahnunterf\u00fchrungen oder Br\u00fccken, sie meisterte verschiedenste Situationen unter guter Anleitung von ihr vertrauten Personen stets mit Bravour. Au\u00dferdem nahm Stella schon an Gruppentrainings und Social Walks mit vielen anderen Mensch-Hund-Teams teil und zeigte sich hier als richtige Mustersch\u00fclerin! Sie orientiert sich super an ihren Hundebegleitern, ist gut ansprech- und abrufbar, l\u00e4uft prima an der Leine und meistert auch Hundebegegnungen unter guter Anleitung sehr souver\u00e4n.<\/p>\n<p style=\"text-align: left\">Die Grundkommandos beherrscht Stella auch bereits.<\/p>\n<p style=\"text-align: left\">Des Weiteren durfte Stella ihre Hundebegleiterin sogar schon zu Hause besuchen. Im h\u00e4uslichen Umfeld zeigt sich Stella von ihrer ruhigen und tiefenentspannten Seite. So konnte die kleine Maus nach vielen stressigen Monaten im Tierheim endlich mal so richtig abschalten, kommt in der Wohnung sehr gut zur Ruhe, ist stubenrein, weder laut noch zerst\u00f6rerisch, alleine bleiben muss sie allerdings noch lernen. Sie bellt nicht wenn es klingelt, bleibt brav auf ihrem K\u00f6rbchen liegen und l\u00e4sst sich von ihren Hundebegleitern mittlerweile sogar richtig kraulen und genie\u00dft die N\u00e4he zu ihren Menschen sehr!<\/p>\n<p style=\"text-align: left\">Trotzdem ist Stella ein Hund der sich in Situationen in denen ein Mensch, dem sie nicht zu 100 Prozent vertraut, etwas macht, was ihr nicht passt (sie anleinen, anfassen, in Richtung ihres Futters greifen o.\u00c4.) sich zu wehren wei\u00df und dazu neigt ohne weiteres Drohen, zu schnappen. Stella braucht also trotz, oder gerade wegen ihrer Unsicherheit mit fremden Menschen, kein Mitleid sondern klare Strukturen, Regeln und auch Grenzen. In der h\u00fcbschen Hundedame steckt n\u00e4mlich eigentlich eine kleine Diva die ganz genau wei\u00df was sie will und was nicht und die dazu auch noch sehr intelligent und vorausschauend ist. Ihr Mensch sollte sich der Verantwortung bewusst sein, f\u00fcr Stella in Situationen mit fremden Personen so einzustehen dass sie sich nie in die Enge gedr\u00e4ngt f\u00fchlt. Zu ihrer eigenen Sicherheit und der Sicherheit ihres Umfelds sollte zus\u00e4tzlich weiterhin ein positives Maulkorbtraining stattfinden.<\/p>\n<p style=\"text-align: left\">Stella ist sehr lernbegierig und hat Spa\u00df am gemeinsamen Training mit ihrem Menschen. Sie ist schlau, liebt es zu tricksen und Intelligenzspielzeuge zu l\u00f6sen und ist noch dazu k\u00f6rperlich top fit!<\/p>\n<p style=\"text-align: left\">F\u00fcr Stella suchen wir daher Menschen, die sie sowohl geistig als auch k\u00f6rperlich auslasten werden, die Freude an Hundetraining- und Besch\u00e4ftigung haben. Die einen aktiven Begleiter suchen und keinen Hund der \u201eeinfach so mit l\u00e4uft\u201c. Neben Menschen die ihr Spiel und Spa\u00df erm\u00f6glichen, braucht Stella gleichzeitig jemanden an ihrer Seite der ihr ein ruhiges und sicheres Gef\u00fchl vermitteln kann. An dem sie sich orientieren und auf den sie sich verlassen kann, um zu erkennen dass ihr Mensch sie durch ungeheure Situationen durchbringt.<\/p>\n<p style=\"text-align: left\">Stella w\u00fcrde sich mit Sicherheit mit der Zeit wunderbar f\u00fcr verschiedenste Arten des Hundesports anbieten, wie Canicross, Nasenarbeit oder Agility. Erste Hindernisse auf der Hundewiese hat sie bereits kennengelernt. Sie \u00fcbt aktuell \u00fcber Rampen, durch Tunnel und Slalom zu laufen.<\/p>\n<p style=\"text-align: left\">Sie ist keineswegs eine couch potato und m\u00f6chte gefordert werden.<\/p>\n<p style=\"text-align: left\">Au\u00dferdem konnten wir bereits herausfinden dass Stella vertr\u00e4glich mit Katzen ist. Bei anderen Hunden entscheidet die Sympathie, wobei Stella mit Artgenossen zu Futteraggression und Eifersucht neigt und sehr ruppig sein kann, weswegen sie auch gerne als Einzelprinzessin vermittelt wird. Kinder sollten aufgrund von Stellas potentieller defensiven Aggression nicht im Haushalt leben.<\/p>\n<p style=\"text-align: left\">Wenn man sich die Zeit nimmt, sich das Vertrauen der sensiblen H\u00fcndin langsam zu erarbeiten, bekommt man mit Stella eine vielseitige, treue, lustige, super verspielte und bewegungsfreudige Begleiterin, die gefallen m\u00f6chte und mit ihrem Menschen durch Dick und D\u00fcnn geht.<\/p>\n<p style=\"text-align: left\">Update:<\/p>\n<p style=\"text-align: left\">Stella hat inzwischen viele Tricks und erste Kommandos gelernt. Sie erkennt ihre Menschen und freut sich, wenn diese zu Besuch kommen.<\/p>\n<p style=\"text-align: left\">Im Hundekontakt zeigt sich Stella sehr unterschiedlich. Besonders bei Hunden, die unsicherer sind als sie, gibt sie gerne den Ton an und regelt, wer sich wie bewegen darf. An Hunden die sie mag orientiert sie sich aber sehr und kann sehr lustig und verspielt sein.<\/p>\n<p style=\"text-align: left\">Die Arbeit mit Stella kommt dann an Grenzen, wenn Menschen mehr von ihr wollen als Tricks und lustige Dinge. Anleinen, ein Geschirr oder Maulkorb anziehen. Sie ist in Situationen in denen sie vermeintlich unter Druck ger\u00e4t schnell verunsichert und dann nicht mehr in der Lage zu denken oder zu arbeiten.<\/p>\n<p>Daher ist f\u00fcr Stella ein Spaziergang aktuell noch nicht m\u00f6glich.<\/p>\n<p style=\"text-align: left\">Stella ben\u00f6tigt Fingerspitzengef\u00fchl, Geduld und die notwendige Zeit, um in Beziehung zu gehen und mit den Menschen zu arbeiten. Findet sich da drau\u00dfen eine erfahrene Pflegestelle oder sogar eine Endstelle, die ihr endlich ein Zuhause schenken m\u00f6chte ?<\/p>\n<p style=\"text-align: left\">Update:<\/p>\n<p style=\"text-align: left\">Stella hat sich bei uns im Tierheim inzwischen richtig gut eingelebt. Stella lebt mit Pillow und Edward in einer dreier WG, es hat sich allerdings schnell gezeigt, dass Stella bei anderen Hunden gerne das Sagen hat.<\/p>\n<p style=\"text-align: left\">Zu Menschen fasst die h\u00fcbsche H\u00fcndin in kleinen Schritten vertrauen, was dabei super hilft ist Futter, denn Stella ist ziemlich verfressen. Stella kennt inzwischen ihre Hundebegleiter und steht Schwanz wedelnd an der T\u00fcr. Auch ihren Namen hat die h\u00fcbsche Maus gut verarbeitet und wei\u00df genau wer &#8220;Stella&#8221; ist und wann man etwas von ihr m\u00f6chte.<\/p>\n<p style=\"text-align: left\">An zweiter Stelle nach dem Futter steht f\u00fcr Stella &#8220;arbeiten&#8221; mit ihren Menschen, dabei zeigt sie sich von einer sehr klugen Seite und wei\u00df schnell, was man von ihr will.<\/p>\n<p style=\"text-align: left\">In vielen Moment steht Stella allerdings noch ihre Angst im Weg, das gilt auch f\u00fcr den Kontakt mit Menschen. Stella l\u00e4sst sich aktuell noch nicht anfassen, daf\u00fcr trainieren wir kleinschrittig die Gew\u00f6hnung an ein Halsband, Geschirr und Maulkorb, da sie wenn sie sich bedr\u00e4ngt f\u00fchl zum schnappen neigt.<\/p>\n<p style=\"text-align: left\">Im Tierheim lernt Stella jetzt, dass sie Zeit hat, sich an Menschen zu gew\u00f6hnen und dass niemand ihr etwas b\u00f6ses will.<\/p>\n<p style=\"text-align: left\">Wir freuen uns, wenn ihr Stellas Training weiter verfolgt und euch \u00fcber Updates der s\u00fc\u00dfen Maus freut.<\/p>\n<p style=\"text-align: left\">Die sch\u00fcchternen Augen und der vorsichtige Blick auf dem Foto geh\u00f6ren zu Stella. Stella stammt aus einer anderen Tierschutzorganisation. Die H\u00fcndin wurde von dort in ein neues Zuhause vermittelt. Leider stellte sich heraus, dass Stella nicht in die neue Familie passte. Die H\u00fcndin lief dort zwar Berichten zur Folge problemlos mit den anderen Hunden mit, wirkte aber &#8220;traurig&#8221; (Zitat der Vorbesitzer). Auch das Anlegen einer Leine war nicht m\u00f6glich. H\u00e4nde, die sich auf Stella zu bewegen, werden von ihr als bedrohlich wahrgenommen. Hat sie dann keine Fluchtm\u00f6glichkeit schnappt die H\u00fcndin unter Umst\u00e4nden auch zu.<\/p>\n<p>Wir sind dem Hilferuf gefolgt und habe die skeptische und unsichere H\u00fcndin bei uns im Tierheim aufgenommen.<\/p>\n<p>Angekommen bei uns im Tierheim sucht Stella noch viel Schutz in ihrer H\u00f6hle. Mit Futter l\u00e4sst sie sich mittlerweile aber hervorlocken. Nimmt man sich ganz viel Zeit und setzt sich zu ihr ins Zimmer beginnt Stella vorsichtig umherzulaufen und sich in der N\u00e4he der Menschen abzulegen.<\/p>\n<p>Stella braucht nun viel Zeit um Vertrauen aufzubauen. Wir werden versuchen sie mit unseren Hunden zu vergesellschaften, um ihr das Ankommen hoffentlich noch leichter zu gestalten. Wir freuen uns darauf von Stella&#8217;s weiterer Entwicklung zu berichten und die H\u00fcndin hinter dem skeptischen und \u00e4ngstlichen Verhalten kennenzulernen.<\/p>\n<p>Wer von Stella&#8217;s sch\u00fcchternen Augen ber\u00fchrt ist und die H\u00fcndin auf ihren vorsichtigen Schritten ins Leben unterst\u00fctzen m\u00f6chte, kann dies sehr gerne \u00fcber eine Patenschaft f\u00fcr Stella in die Tat umsetzten. Sollte sich aber bereits jetzt jemand finden, der viel Erfahrung mit &#8220;Angsthunden&#8221; hat und ihr ein passendes Zuhause bieten k\u00f6nnte, freuen wir uns \u00fcber eine Kontaktaufnahme mit unserem Tierheim.<\/p>\n<p><strong>Bemerkung: <\/strong>Beschreibungen sind Momentaufnahmen des Tieres in unserem Tierheim. Jedes Tier kann sich im neuen Zuhause anders entwickeln.<\/p>\n","protected":false},"excerpt":{"rendered":"<p>Update: Unsere \u00e4ngstliche Stella, das war einmal &#8211; oder zumindest fast. Das sch\u00fcchterne Hundem\u00e4dchen mit den s\u00fc\u00dfen Knick\u00f6hrchen hat in den letzten Wochen unglaubliche Fortschritte gemacht. Es begann damit dass&#8230;<\/p>\n","protected":false},"featured_media":40229,"template":"","meta":{"_piecal_is_event":false,"_piecal_start_date":"","_piecal_end_date":"","_piecal_is_allday":false},"product_cat":[147,41,58,161],"product_tag":[],"_links":{"self":[{"href":"https:\/\/tsv-giessen.de\/index.php?rest_route=\/wp\/v2\/product\/34904"}],"collection":[{"href":"https:\/\/tsv-giessen.de\/index.php?rest_route=\/wp\/v2\/product"}],"about":[{"href":"https:\/\/tsv-giessen.de\/index.php?rest_route=\/wp\/v2\/types\/product"}],"wp:featuredmedia":[{"embeddable":true,"href":"https:\/\/tsv-giessen.de\/index.php?rest_route=\/wp\/v2\/media\/40229"}],"wp:attachment":[{"href":"https:\/\/tsv-giessen.de\/index.php?rest_route=%2Fwp%2Fv2%2Fmedia&parent=34904"}],"wp:term":[{"taxonomy":"product_cat","embeddable":true,"href":"https:\/\/tsv-giessen.de\/index.php?rest_route=%2Fwp%2Fv2%2Fproduct_cat&post=34904"},{"taxonomy":"product_tag","embeddable":true,"href":"https:\/\/tsv-giessen.de\/index.php?rest_route=%2Fwp%2Fv2%2Fproduct_tag&post=34904"}],"curies":[{"name":"wp","href":"https:\/\/api.w.org\/{rel}","templated":true}]}}