{"id":34865,"date":"2025-05-27T06:15:55","date_gmt":"2025-05-27T04:15:55","guid":{"rendered":"https:\/\/tsv-giessen.de\/?post_type=product&#038;p=34865"},"modified":"2025-07-12T08:23:37","modified_gmt":"2025-07-12T06:23:37","slug":"samu","status":"publish","type":"product","link":"https:\/\/tsv-giessen.de\/?product=samu","title":{"rendered":"Samu"},"content":{"rendered":"<p>Samu ist unsere kleine Diva im Tierheim. Die schwarze Sch\u00f6nheit wei\u00df wer sie ist und noch mehr was sie will und was nicht.<\/p>\n<p>Samu kam als Fundkatze zu uns ins Tierheim. Sie besticht nicht nur durch ihr gl\u00e4nzend schwarzes Fell, sondern vor allem durch ihren starken Charakter. Wer Charakterkatzen sch\u00e4tzt wir Samu lieben.<\/p>\n<p>Wie es sich f\u00fcr eine echte Diva geh\u00f6rt, m\u00f6chte Samu die Hauptattraktion in ihrer neuen Familie sein. Sie ist eine absolute Einzelkatze. Ebenso ben\u00f6tigt sie ihren Freigang. Dieser sollte sicher und ungef\u00e4hrlich erm\u00f6glicht werden. Samu mag Menschenkontakt &#8211; allerdings zu ihren Bedingungen. Dies bedeutet, dass Samu am liebsten selbst bestimmt wann sie Zuneigung w\u00fcnscht, wie viel und wie lange. Dementsprechend sollten Kinder in ihrer neuen Familie schon etwas \u00e4lter sein.<\/p>\n<p>Samu hat eine ganz besondere Pr\u00e4senz. Aber auch die gr\u00f6\u00dfte Diva w\u00fcnscht sich am Ende nur ein Zuhause in dem sie einfach geliebt wird &#8211; und ein wenig verehrt.<\/p>\n<p>Wer m\u00f6chte Samu kennenlernen und sich in unsere Diva verlieben? Wo darf Samu ihr Zuhause finden?<\/p>\n<p>Melden Sie sich bei uns.<\/p>\n<p>Wir freuen uns darauf, Sie im Tierheim zu begr\u00fc\u00dfen.<\/p>\n<p><span class=\"fs13 cf1 ff1\"><b>Bemerkung:<\/b><br \/>\n<\/span><span class=\"fs13 cf1 ff1\">Die Beschreibungen sind Momentaufnahmen des Tieres in unserem Tierheim. Jedes Tier kann sich im neuen Zuhause anders entwickeln.<\/span><\/p>\n","protected":false},"excerpt":{"rendered":"<p>Samu ist unsere kleine Diva im Tierheim. Die schwarze Sch\u00f6nheit wei\u00df wer sie ist und noch mehr was sie will und was nicht. Samu kam als Fundkatze zu uns ins&#8230;<\/p>\n","protected":false},"featured_media":35496,"template":"","meta":{"_piecal_is_event":false,"_piecal_start_date":"","_piecal_end_date":"","_piecal_is_allday":false},"product_cat":[59,60],"product_tag":[],"_links":{"self":[{"href":"https:\/\/tsv-giessen.de\/index.php?rest_route=\/wp\/v2\/product\/34865"}],"collection":[{"href":"https:\/\/tsv-giessen.de\/index.php?rest_route=\/wp\/v2\/product"}],"about":[{"href":"https:\/\/tsv-giessen.de\/index.php?rest_route=\/wp\/v2\/types\/product"}],"wp:featuredmedia":[{"embeddable":true,"href":"https:\/\/tsv-giessen.de\/index.php?rest_route=\/wp\/v2\/media\/35496"}],"wp:attachment":[{"href":"https:\/\/tsv-giessen.de\/index.php?rest_route=%2Fwp%2Fv2%2Fmedia&parent=34865"}],"wp:term":[{"taxonomy":"product_cat","embeddable":true,"href":"https:\/\/tsv-giessen.de\/index.php?rest_route=%2Fwp%2Fv2%2Fproduct_cat&post=34865"},{"taxonomy":"product_tag","embeddable":true,"href":"https:\/\/tsv-giessen.de\/index.php?rest_route=%2Fwp%2Fv2%2Fproduct_tag&post=34865"}],"curies":[{"name":"wp","href":"https:\/\/api.w.org\/{rel}","templated":true}]}}