{"id":34487,"date":"2025-04-29T05:38:28","date_gmt":"2025-04-29T03:38:28","guid":{"rendered":"https:\/\/tsv-giessen.de\/?post_type=product&#038;p=34487"},"modified":"2026-02-26T14:21:47","modified_gmt":"2026-02-26T13:21:47","slug":"marlon","status":"publish","type":"product","link":"https:\/\/tsv-giessen.de\/?product=marlon","title":{"rendered":"Marlon"},"content":{"rendered":"<p style=\"text-align: left\"><strong>Von Privat:<\/strong><\/p>\n<p style=\"text-align: left\">Marlon ist ein Labrador (Mutter) &#8211; Maremmano-Mischling aus Sardinien, geboren am 1.12.23. Er wurde<br \/>\nleider viel zu fr\u00fch mit nur 4 Wochen von der Mutter genommen, die Besitzer hatten bei Abgabe ein falsches Alter genannt. Der Maremmano in ihm wurde untersch\u00e4tzt und seine bisherige Erziehung war nicht konsequent und streng genug. Man k\u00f6nnte auch sagen: er ist ein unerzogener Teenager&#8230;<br \/>\nDurch zu viel Stress in seiner bisherigen Umgebung ist er verunsichert. Was er jetzt braucht, ist eine starke, erfahrene Hand mit klarer F\u00fchrung, die ihm die Sicherheit und das Vertrauen gibt, die er bisher nicht ausreichend erhalten hat. Bei konsequenter Ausbildung mit einer souver\u00e4nen und zielgerichteten Erziehung sowie klaren Regeln wird er sich bald zu einem treuen, loyalen Partner auf vier Pfoten entwickeln. Er hatte bisher keinen Kontakt zu Kindern.<br \/>\nEr ist im Flegelalter und voller Energie, spielt gerne mit Artgenossen und liebt es, B\u00e4lle oder St\u00f6cke zu apportieren. Seine Tatkraft zeigt sich aber auch in der Tendenz hochzuspringen \u2013 vor allem wenn er Freunde trifft, egal ob Mensch oder Tier. In letzter Zeit lie\u00df er sich aber immer mehr davon abhalten, die Spr\u00fcnge sind bedeutend weniger geworden. Mit der weiteren Erziehung wird er dies sicher bald ablegen.<br \/>\nDie N\u00e4he zu seinen Bezugspersonen ist von gro\u00dfer Bedeutung. Er ist sehr intelligent, spielt und schmust gerne, braucht aber unbedingt seinen Freiraum mit Garten und Bewegung und eine Aufgabe f\u00fcr den Herdenschutzhund, wo er seinen \u201eJob\u201c machen kann. Er ist kein Kl\u00e4ffer, bellt nur, wenn es erforderlich ist.<br \/>\nEr l\u00e4sst sich sehr gut an der lockeren Leine f\u00fchren, ist ein gechillter Mitfahrer im Auto und schwimmt gerne. Er hat eine Schulterh\u00f6he von ca. 65cm und wiegt ca. 45kg.<br \/>\nHundetrainer und Sachverst\u00e4ndige best\u00e4tigen ihm ein sanftes Wesen, er ist mit R\u00fcden und H\u00fcndinnen vertr\u00e4glich. Nur Katzen jagt er &#8211; er ist eben eine Herdenschutzhund, der sein Revier und seine Ressourcen verteidigt.<br \/>\nSelbstverst\u00e4ndlich ist er gechipt, verf\u00fcgt er \u00fcber alle Impfungen, inkl. Leishmaniose, und ist kerngesund, er<br \/>\nwurde im Februar chemisch kastriert. Marlon befindet sich derzeit in der Mitte Deutschlands, n\u00f6rdlich von Frankfurt und freut sich auf ein dauerhaftes neues Zuhause.<\/p>\n<p style=\"text-align: left\">Kontakt:<\/p>\n<p style=\"text-align: left\">Katja Beer, 0176\/39830409<\/p>\n<p><span class=\"fs13 cf1 ff1\"><b>Bemerkung:<\/b><br \/>\n<\/span><span class=\"fs13 cf1 ff1\">Die Beschreibungen sind Momentaufnahmen des Tieres in unserem Tierheim. Jedes Tier kann sich im neuen Zuhause anders entwickeln.<\/span><\/p>\n","protected":false},"excerpt":{"rendered":"<p>Von Privat: Marlon ist ein Labrador (Mutter) &#8211; Maremmano-Mischling aus Sardinien, geboren am 1.12.23. Er wurde leider viel zu fr\u00fch mit nur 4 Wochen von der Mutter genommen, die Besitzer&#8230;<\/p>\n","protected":false},"featured_media":34503,"template":"","meta":{"_piecal_is_event":false,"_piecal_start_date":"","_piecal_end_date":"","_piecal_is_allday":false},"product_cat":[41,159],"product_tag":[],"_links":{"self":[{"href":"https:\/\/tsv-giessen.de\/index.php?rest_route=\/wp\/v2\/product\/34487"}],"collection":[{"href":"https:\/\/tsv-giessen.de\/index.php?rest_route=\/wp\/v2\/product"}],"about":[{"href":"https:\/\/tsv-giessen.de\/index.php?rest_route=\/wp\/v2\/types\/product"}],"wp:featuredmedia":[{"embeddable":true,"href":"https:\/\/tsv-giessen.de\/index.php?rest_route=\/wp\/v2\/media\/34503"}],"wp:attachment":[{"href":"https:\/\/tsv-giessen.de\/index.php?rest_route=%2Fwp%2Fv2%2Fmedia&parent=34487"}],"wp:term":[{"taxonomy":"product_cat","embeddable":true,"href":"https:\/\/tsv-giessen.de\/index.php?rest_route=%2Fwp%2Fv2%2Fproduct_cat&post=34487"},{"taxonomy":"product_tag","embeddable":true,"href":"https:\/\/tsv-giessen.de\/index.php?rest_route=%2Fwp%2Fv2%2Fproduct_tag&post=34487"}],"curies":[{"name":"wp","href":"https:\/\/api.w.org\/{rel}","templated":true}]}}