{"id":34444,"date":"2025-04-22T05:02:12","date_gmt":"2025-04-22T03:02:12","guid":{"rendered":"https:\/\/tsv-giessen.de\/?post_type=product&#038;p=34444"},"modified":"2025-05-21T08:37:48","modified_gmt":"2025-05-21T06:37:48","slug":"cliff","status":"publish","type":"product","link":"https:\/\/tsv-giessen.de\/?product=cliff","title":{"rendered":"Cliff"},"content":{"rendered":"<p style=\"text-align: left\"><strong>Von Privat:<\/strong><\/p>\n<p style=\"text-align: left\">Cliff ist ein schwarzer Sch\u00e4ferhund (Mix?). Der unkastrierter R\u00fcde ist 9 Jahre alt, aber noch sehr aktiv.<\/p>\n<p style=\"text-align: left\">Zur Zeit lebt Cliff auf einem Wiesengrundst\u00fcck mit Zugang zu seinem Zwinger. Cliff sucht dringend ein Zuhause mit Familienanschluss. Leider k\u00f6nnen keine Angaben zur Vertr\u00e4glichkeit mit Kindern\/Hunden\/anderen Tieren gemacht werden.<\/p>\n<p style=\"text-align: left\">\u00a0Cliff zeigt sich allerdings sehr freundlich, aufgeschlossen und voller Energie. Allerdings ist noch einiges an Erziehungsarbeit notwendig. Mit gezielten, liebevollen aber konsequent Training kann aus Cliff ein toller Begleiter werden.<\/p>\n<p>Cliff sucht seine Menschen. Ein Zuhause als Familienmitglied. Jemanden, der die Herausforderung annimmt seine Energie in die richtigen Bahnen zu lenken und mit ihm zu arbeitet. Wer verliebt sich in den schwarzen R\u00fcden? Meldet euch gerne bei uns im Tierheim. Wir vermitteln den Kontakt um Cliff kennen zu lernen.<\/p>\n<p><span class=\"fs13 cf1 ff1\"><b>Bemerkung:<\/b><br \/>\n<\/span><span class=\"fs13 cf1 ff1\">Die Beschreibungen sind Momentaufnahmen des Tieres in unserem Tierheim. Jedes Tier kann sich im neuen Zuhause anders entwickeln.<\/span><\/p>\n","protected":false},"excerpt":{"rendered":"<p>Von Privat: Cliff ist ein schwarzer Sch\u00e4ferhund (Mix?). Der unkastrierter R\u00fcde ist 9 Jahre alt, aber noch sehr aktiv. Zur Zeit lebt Cliff auf einem Wiesengrundst\u00fcck mit Zugang zu seinem&#8230;<\/p>\n","protected":false},"featured_media":34446,"template":"","meta":{"_piecal_is_event":false,"_piecal_start_date":"","_piecal_end_date":"","_piecal_is_allday":false},"product_cat":[159],"product_tag":[],"_links":{"self":[{"href":"https:\/\/tsv-giessen.de\/index.php?rest_route=\/wp\/v2\/product\/34444"}],"collection":[{"href":"https:\/\/tsv-giessen.de\/index.php?rest_route=\/wp\/v2\/product"}],"about":[{"href":"https:\/\/tsv-giessen.de\/index.php?rest_route=\/wp\/v2\/types\/product"}],"wp:featuredmedia":[{"embeddable":true,"href":"https:\/\/tsv-giessen.de\/index.php?rest_route=\/wp\/v2\/media\/34446"}],"wp:attachment":[{"href":"https:\/\/tsv-giessen.de\/index.php?rest_route=%2Fwp%2Fv2%2Fmedia&parent=34444"}],"wp:term":[{"taxonomy":"product_cat","embeddable":true,"href":"https:\/\/tsv-giessen.de\/index.php?rest_route=%2Fwp%2Fv2%2Fproduct_cat&post=34444"},{"taxonomy":"product_tag","embeddable":true,"href":"https:\/\/tsv-giessen.de\/index.php?rest_route=%2Fwp%2Fv2%2Fproduct_tag&post=34444"}],"curies":[{"name":"wp","href":"https:\/\/api.w.org\/{rel}","templated":true}]}}