{"id":24710,"date":"2023-05-02T21:45:14","date_gmt":"2023-05-02T19:45:14","guid":{"rendered":"https:\/\/tsv-giessen.de\/?post_type=product&#038;p=24710"},"modified":"2026-03-19T09:43:17","modified_gmt":"2026-03-19T08:43:17","slug":"luna-sucht-paten","status":"publish","type":"product","link":"https:\/\/tsv-giessen.de\/?product=luna-sucht-paten","title":{"rendered":"Luna &#8211; nicht zu vermitteln &#8211; Paten gesucht"},"content":{"rendered":"<p>Die h\u00fcbsche Staffordshire H\u00fcndin Luna hat bei uns im Tierheim schon gro\u00dfe Fortschritte gemacht. Luna kam ins Tierheim, nachdem klar wurde, dass sie den Wesenstest nicht besteht. Luna reagierte sowohl auf fremde Menschen und als auch auf Hunde. Es wurde schnell klar, dass die H\u00fcndin zuvor nicht viel kennengelernt hat. Durch intensives Training kommt Luna mittlerweile immer besser mit fremden Menschen klar. Gerade mit Leckerlis kann man sich einen Weg in das Herz der h\u00fcbschen H\u00fcndin erschleichen. Mit ihren vertrauten Menschen ist Luna ein echter Kuschelhund. Sie freut sich \u00fcber jede Sekunde, die sie mit ihren Hundebegleitern verbringt. Sie lernt momentan, dass sie sich in schwierigen Situationen auf ihren Menschen verlassen kann. Auch beim Thema Hunde hat Luna deutliche Fortschritte gemacht. Sie hat im Tierheim zwei Freunde, mit denen sie regelm\u00e4\u00dfig spazieren geht und auf der Wiese rennt. Damit sie auch in Zukunft immer mehr Hundefreunde findet, l\u00e4uft Luna Social Walks mit und nimmt am Sozialtraining teil. Sie hat au\u00dferdem unfassbar Spa\u00df an der Nasenarbeit. Luna ist eine echte Wasserratte, gerade im Sommer liebt sie es baden zu gehen. Sie macht regelm\u00e4\u00dfig Ausfl\u00fcge zu neuen Orten, damit sie immer mehr kennenlernt und auch an fremden Orten lernt, sich an ihrem Menschen zu orientieren.<\/p>\n<p>Trotz der vielen Fortschritte besteht Luna den Wesenstest momentan noch nicht. Deshalb suchen wir f\u00fcr die h\u00fcbsche H\u00fcndin Paten, welche uns unterst\u00fctzten das intensive Training fortzuf\u00fchren, mit den Ziel, dass Luna den Wesenstest in Zukunft bestehen wird.<\/p>\n<p>&nbsp;<\/p>\n<p><span class=\"fs13 cf1 ff1\"> Beschreibungen sind Momentaufnahmen des Tieres in unserem Tierheim. Jedes Tier kann sich im neuen Zuhause anders entwickeln.<\/span><\/p>\n<p>&nbsp;<\/p>\n","protected":false},"excerpt":{"rendered":"<p>Die h\u00fcbsche Staffordshire H\u00fcndin Luna hat bei uns im Tierheim schon gro\u00dfe Fortschritte gemacht. Luna kam ins Tierheim, nachdem klar wurde, dass sie den Wesenstest nicht besteht. Luna reagierte sowohl&#8230;<\/p>\n","protected":false},"featured_media":38501,"template":"","meta":{"_piecal_is_event":false,"_piecal_start_date":"","_piecal_end_date":"","_piecal_is_allday":false},"product_cat":[147,41,58,1244],"product_tag":[],"_links":{"self":[{"href":"https:\/\/tsv-giessen.de\/index.php?rest_route=\/wp\/v2\/product\/24710"}],"collection":[{"href":"https:\/\/tsv-giessen.de\/index.php?rest_route=\/wp\/v2\/product"}],"about":[{"href":"https:\/\/tsv-giessen.de\/index.php?rest_route=\/wp\/v2\/types\/product"}],"wp:featuredmedia":[{"embeddable":true,"href":"https:\/\/tsv-giessen.de\/index.php?rest_route=\/wp\/v2\/media\/38501"}],"wp:attachment":[{"href":"https:\/\/tsv-giessen.de\/index.php?rest_route=%2Fwp%2Fv2%2Fmedia&parent=24710"}],"wp:term":[{"taxonomy":"product_cat","embeddable":true,"href":"https:\/\/tsv-giessen.de\/index.php?rest_route=%2Fwp%2Fv2%2Fproduct_cat&post=24710"},{"taxonomy":"product_tag","embeddable":true,"href":"https:\/\/tsv-giessen.de\/index.php?rest_route=%2Fwp%2Fv2%2Fproduct_tag&post=24710"}],"curies":[{"name":"wp","href":"https:\/\/api.w.org\/{rel}","templated":true}]}}