{"id":6660,"date":"2018-01-25T23:22:56","date_gmt":"2018-01-25T22:22:56","guid":{"rendered":"http:\/\/192.168.1.29\/wordpress\/?page_id=6660"},"modified":"2020-02-06T11:18:08","modified_gmt":"2020-02-06T10:18:08","slug":"ueber-uns","status":"publish","type":"page","link":"https:\/\/tsv-giessen.de\/?page_id=6660","title":{"rendered":"\u00dcber Uns"},"content":{"rendered":"<section class=\"l-section wpb_row height_small\"><div class=\"l-section-h i-cf\"><div class=\"g-cols type_default valign_top\"><div class=\"vc_col-sm-6 wpb_column vc_column_container\"><div class=\"vc_column-inner\"><div class=\"wpb_wrapper\">\r\n\t<div class=\"wpb_text_column \">\r\n\t\t<div class=\"wpb_wrapper\">\r\n\t\t\t<p>Einen Tierschutzverein gibt es in Gie\u00dfen bereits seit dem 19. Jahrhundert.<\/p>\n<p>Das Tierheim in der Vixr\u00f6der Stra\u00dfe existiert seit den 60er Jahren und betreut aktuell die Fundtiere von 78 Ortschaften aus 13 Gemeinden. Hierf\u00fcr arbeiten verschiedene Mitarbeiter in der Tierpflege, Bundesfreiwilligendienstleistende und Auszubildende sowie Verwaltungsangestellte fast rund um die Uhr.<\/p>\n<p>Auf insgesamt rund 10000m<sup>2<\/sup> Betriebsgel\u00e4nde werden pro Jahr fast 1000 Tiere, davon waren es im Jahr 2016 29% Hunde, 37% Katzen, 23% kleine Heimtiere (Nager, Kaninchen, V\u00f6gel), 6% exotische Heimtiere (Schlangen etc.) und 5% Wildtiere, betreut.<\/p>\n<p>Um den Bed\u00fcrfnissen all seiner Bewohner gerecht werden zu k\u00f6nnen und vor allem um von einer \u201eAufbewahrungsstelle\u201c zu einem sch\u00f6nen Heim auf Zeit zu werden, wurden in den letzten sechs Jahren allerhand Neu- und Umbauten geschaffen.<\/p>\n<p>Vom alten Hundehaus mit seiner maroden Zwingeranlage ist heute nur noch das Hinweisschild auf dem Dachfirst \u00fcbriggeblieben. Die kalte und laute Atmosph\u00e4re ist warmen und gem\u00fctlichen Zimmern inklusive kleinem \u201eGarten\u201c von mindestens 14m<sup>2<\/sup> gewichen. Die Hunde leben \u2013 sofern vertr\u00e4glich \u2013 mindestens paarweise oder sogar in kleineren Rudeln zusammen. Sie bekommen alle t\u00e4glich die M\u00f6glichkeit, in gut strukturierten und hundegerechten Ausl\u00e4ufen den Wechsel der Jahreszeiten hautnah mitzuverfolgen. Gegen Langeweile und Frust bem\u00fchen sich t\u00e4glich viele flei\u00dfige ehrenamtliche Helfer, die mit ihnen spazieren gehen oder f\u00fcr vorbildhaftes Verhalten im neuen Zuhause trainieren.<\/p>\n<p>Freiwillige gibt es auch bei den Samtpfoten. Katzenstreichler und Vermittlungshelfer sorgen f\u00fcr Wohlbefinden und gute Beratung. Selbst in der notwendigen Quarant\u00e4nestation m\u00fcssen die Neuank\u00f6mmlinge und Kranken nicht in engen Boxen sitzen, sondern d\u00fcrfen kleine Zimmer mit angeschlossenen Au\u00dfenvolieren ihr Eigen nennen. Auf der in sich geschlossenen Infektionsstation k\u00f6nnen sich auch schwer kranke Tiere auskurieren. Das Katzenhaus wurde j\u00fcngst durch die Pfleger im Innen- sowie Ehrenamtler im Au\u00dfenbereich komplett neu gestaltet. F\u00fcr jede Katze gibt es jeden Tag etwas Neues zu erklimmen oder zu entdecken. Gen\u00fcgend R\u00fcckzugsorte und ein spezielles Zimmer f\u00fcr \u00e4ngstliche Zeitgenossen sind nat\u00fcrlich auch vorhanden. Um gegen eventuell aufkommende Langeweile vorzugehen, gibt es das Trockenfutter nicht einfach aus dem Napf. Dem passionierten J\u00e4ger Katze werden verschiedene M\u00f6glichkeiten an ganz vielen unterschiedlichen Stellen geboten, sich seine n\u00e4chste Mahlzeit selbst zu erarbeiten. Aber f\u00fcr auch sensible Individualisten ist immer ein Pl\u00e4tzchen in einem Einzelzimmer oder sogar in der Futterk\u00fcche frei.<\/p>\n<p>F\u00fcr die kleinsten Bewohner wird aktuell noch das Kleintierhaus umgebaut. Bis dahin sind schon alle ganz gespannt, wie Kaninchen, Nager, V\u00f6gel und Exoten ihre neuen Bereiche annehmen werden.<\/p>\n<p>Den Pflegern liegt auch die Hilfe f\u00fcr Nutz- und Wildtiere sehr am Herzen. Sei es die Aufzucht kleiner Vogelfindlinge, Eichh\u00f6rnchen oder Igel, oder die Versorgung einer ganzen H\u00fchnerschar.<\/p>\n<p>So kommen im Tierheim nicht nur Fundtiere an. Auch f\u00fcr Abgabetiere und Sicherstellungen weit \u00fcber die Grenzen des Landkreises Gie\u00dfen sind wir Ansprechpartner.<\/p>\n<p>Jeder Besucher wird eingeladen, das Tierheim kennenzulernen, Vorurteile zu verlieren, mitzuhelfen Tierschutz gro\u00df zu machen und vielleicht einen oder mehrere \ud83d\ude0a neue Freunde zu finden.<\/p>\n\r\n\t\t<\/div>\r\n\t<\/div>\r\n<\/div><\/div><\/div><div class=\"vc_col-sm-6 wpb_column vc_column_container\"><div class=\"vc_column-inner\"><div class=\"wpb_wrapper\"><div class=\"w-slider\"><div class=\"us-frame\"><div class=\"royalSlider\"><div class=\"rsContent\"><a class=\"rsImg\" data-rsw=\"800\" data-rsh=\"530\" href=\"https:\/\/www.tsv-giessen.de\/wp-content\/uploads\/2018\/01\/20150323-HH-Er\u00f6ffnung-02.jpg\"><\/a><\/div><div class=\"rsContent\"><a class=\"rsImg\" data-rsw=\"800\" data-rsh=\"530\" href=\"https:\/\/www.tsv-giessen.de\/wp-content\/uploads\/2018\/01\/20150323-HH-Er\u00f6ffnung-35.jpg\"><\/a><\/div><div class=\"rsContent\"><a class=\"rsImg\" data-rsw=\"530\" data-rsh=\"800\" href=\"https:\/\/www.tsv-giessen.de\/wp-content\/uploads\/2018\/01\/20150323-HH-Er\u00f6ffnung-07.jpg\"><\/a><\/div><div class=\"rsContent\"><a class=\"rsImg\" data-rsw=\"530\" data-rsh=\"800\" href=\"https:\/\/www.tsv-giessen.de\/wp-content\/uploads\/2018\/01\/20150323-HH-Er\u00f6ffnung-36.jpg\"><\/a><\/div><div class=\"rsContent\"><a class=\"rsImg\" data-rsw=\"530\" data-rsh=\"800\" href=\"https:\/\/www.tsv-giessen.de\/wp-content\/uploads\/2018\/01\/20150323-HH-Er\u00f6ffnung-19.jpg\"><\/a><\/div><div class=\"rsContent\"><a class=\"rsImg\" data-rsw=\"800\" data-rsh=\"530\" href=\"https:\/\/www.tsv-giessen.de\/wp-content\/uploads\/2018\/01\/20150323-HH-Er\u00f6ffnung-20.jpg\"><\/a><\/div><div class=\"rsContent\"><a class=\"rsImg\" data-rsw=\"800\" data-rsh=\"530\" href=\"https:\/\/www.tsv-giessen.de\/wp-content\/uploads\/2018\/01\/20150323-HH-Er\u00f6ffnung-15.jpg\"><\/a><\/div><div class=\"rsContent\"><a class=\"rsImg\" data-rsw=\"800\" data-rsh=\"530\" href=\"https:\/\/www.tsv-giessen.de\/wp-content\/uploads\/2018\/01\/20150323-HH-Er\u00f6ffnung-17.jpg\"><\/a><\/div><div class=\"rsContent\"><a class=\"rsImg\" data-rsw=\"800\" data-rsh=\"530\" href=\"https:\/\/www.tsv-giessen.de\/wp-content\/uploads\/2018\/01\/20150323-HH-Er\u00f6ffnung-18.jpg\"><\/a><\/div><div class=\"rsContent\"><a class=\"rsImg\" data-rsw=\"800\" data-rsh=\"530\" href=\"https:\/\/www.tsv-giessen.de\/wp-content\/uploads\/2018\/01\/20150323-HH-Er\u00f6ffnung-30.jpg\"><\/a><\/div><div class=\"rsContent\"><a class=\"rsImg\" data-rsw=\"960\" data-rsh=\"635\" href=\"https:\/\/www.tsv-giessen.de\/wp-content\/uploads\/2018\/01\/1623555_885211251508759_953902698559719703_n.jpg\"><\/a><\/div><div class=\"rsContent\"><a class=\"rsImg\" data-rsw=\"636\" data-rsh=\"960\" href=\"https:\/\/www.tsv-giessen.de\/wp-content\/uploads\/2018\/01\/10644760_885210174842200_175838712370179259_o.jpg\"><\/a><\/div><div class=\"rsContent\"><a class=\"rsImg\" data-rsw=\"960\" data-rsh=\"635\" href=\"https:\/\/www.tsv-giessen.de\/wp-content\/uploads\/2018\/01\/10703861_885210331508851_6174922654931470947_n.jpg\"><\/a><\/div><div class=\"rsContent\"><a class=\"rsImg\" data-rsw=\"960\" data-rsh=\"635\" href=\"https:\/\/www.tsv-giessen.de\/wp-content\/uploads\/2018\/01\/10606586_885210428175508_7060376723693872853_n.jpg\"><\/a><\/div><div class=\"rsContent\"><a class=\"rsImg\" data-rsw=\"960\" data-rsh=\"635\" href=\"https:\/\/www.tsv-giessen.de\/wp-content\/uploads\/2018\/01\/10399443_885210671508817_3623748098261685918_n.jpg\"><\/a><\/div><div class=\"rsContent\"><a class=\"rsImg\" data-rsw=\"960\" data-rsh=\"635\" href=\"https:\/\/www.tsv-giessen.de\/wp-content\/uploads\/2018\/01\/1463948_885210768175474_8737277044108667614_n.jpg\"><\/a><\/div><div class=\"rsContent\"><a class=\"rsImg\" data-rsw=\"960\" data-rsh=\"635\" href=\"https:\/\/www.tsv-giessen.de\/wp-content\/uploads\/2018\/01\/1796597_885210898175461_6255904497576263909_n.jpg\"><\/a><\/div><div class=\"rsContent\"><a class=\"rsImg\" data-rsw=\"960\" data-rsh=\"635\" href=\"https:\/\/www.tsv-giessen.de\/wp-content\/uploads\/2018\/01\/10169189_885211104842107_5464121579964787863_n.jpg\"><\/a><\/div><\/div><img decoding=\"async\" src=\"https:\/\/www.tsv-giessen.de\/wp-content\/uploads\/2018\/01\/20150323-HH-Er\u00f6ffnung-02.jpg\" alt=\"\"><\/div><div class=\"w-slider-json\" onclick='return {&quot;transitionSpeed&quot;:300,&quot;loopRewind&quot;:true,&quot;slidesSpacing&quot;:0,&quot;imageScalePadding&quot;:0,&quot;numImagesToPreload&quot;:2,&quot;arrowsNav&quot;:true,&quot;arrowsNavAutoHide&quot;:false,&quot;transitionType&quot;:&quot;move&quot;,&quot;block&quot;:{&quot;moveEffect&quot;:&quot;none&quot;,&quot;speed&quot;:300},&quot;controlNavigation&quot;:&quot;none&quot;,&quot;imageScaleMode&quot;:&quot;fit-if-smaller&quot;,&quot;autoScaleSlider&quot;:true,&quot;autoScaleSliderWidth&quot;:800,&quot;autoScaleSliderHeight&quot;:530,&quot;fitInViewport&quot;:false}'><\/div><\/div><\/div><\/div><\/div><\/div><\/div><\/section>\n","protected":false},"excerpt":{"rendered":"Einen Tierschutzverein gibt es in Gie\u00dfen bereits seit dem 19. Jahrhundert. Das Tierheim in der Vixr\u00f6der Stra\u00dfe existiert seit den 60er Jahren und betreut aktuell die Fundtiere von 78 Ortschaften...","protected":false},"author":1,"featured_media":0,"parent":0,"menu_order":0,"comment_status":"closed","ping_status":"closed","template":"","meta":{"_piecal_is_event":false,"_piecal_start_date":"","_piecal_end_date":"","_piecal_is_allday":false,"footnotes":""},"_links":{"self":[{"href":"https:\/\/tsv-giessen.de\/index.php?rest_route=\/wp\/v2\/pages\/6660"}],"collection":[{"href":"https:\/\/tsv-giessen.de\/index.php?rest_route=\/wp\/v2\/pages"}],"about":[{"href":"https:\/\/tsv-giessen.de\/index.php?rest_route=\/wp\/v2\/types\/page"}],"author":[{"embeddable":true,"href":"https:\/\/tsv-giessen.de\/index.php?rest_route=\/wp\/v2\/users\/1"}],"replies":[{"embeddable":true,"href":"https:\/\/tsv-giessen.de\/index.php?rest_route=%2Fwp%2Fv2%2Fcomments&post=6660"}],"version-history":[{"count":0,"href":"https:\/\/tsv-giessen.de\/index.php?rest_route=\/wp\/v2\/pages\/6660\/revisions"}],"wp:attachment":[{"href":"https:\/\/tsv-giessen.de\/index.php?rest_route=%2Fwp%2Fv2%2Fmedia&parent=6660"}],"curies":[{"name":"wp","href":"https:\/\/api.w.org\/{rel}","templated":true}]}}