{"id":28211,"date":"2024-01-07T15:19:22","date_gmt":"2024-01-07T14:19:22","guid":{"rendered":"https:\/\/tsv-giessen.de\/?page_id=28211"},"modified":"2025-03-24T09:30:49","modified_gmt":"2025-03-24T08:30:49","slug":"paten","status":"publish","type":"page","link":"https:\/\/tsv-giessen.de\/?page_id=28211","title":{"rendered":"Paten"},"content":{"rendered":"<section class=\"l-section wpb_row height_small\"><div class=\"l-section-h i-cf\"><div class=\"g-cols type_default valign_top\"><div class=\"vc_col-sm-3 wpb_column vc_column_container\"><div class=\"vc_column-inner\"><div class=\"wpb_wrapper\"><div class=\"w-slider\"><div class=\"us-frame\"><div class=\"royalSlider\"><div class=\"rsContent\"><a class=\"rsImg\" data-rsw=\"480\" data-rsh=\"480\" href=\"https:\/\/www.tsv-giessen.de\/wp-content\/uploads\/2018\/01\/Jamie_4.jpg\"><\/a><\/div><div class=\"rsContent\"><a class=\"rsImg\" data-rsw=\"1024\" data-rsh=\"1016\" href=\"https:\/\/www.tsv-giessen.de\/wp-content\/uploads\/2023\/12\/WhatsApp-Bild-2023-12-01-um-07.43.21_e7ea6b6b-1024x1016.jpg\"><\/a><\/div><div class=\"rsContent\"><a class=\"rsImg\" data-rsw=\"480\" data-rsh=\"480\" href=\"https:\/\/www.tsv-giessen.de\/wp-content\/uploads\/2020\/04\/Brownie_05.jpg\"><\/a><\/div><div class=\"rsContent\"><a class=\"rsImg\" data-rsw=\"1024\" data-rsh=\"1024\" href=\"https:\/\/www.tsv-giessen.de\/wp-content\/uploads\/2023\/07\/DSC_1034-1024x1024.jpg\"><\/a><\/div><\/div><img decoding=\"async\" src=\"https:\/\/www.tsv-giessen.de\/wp-content\/uploads\/2018\/01\/Jamie_4.jpg\" alt=\"\"><\/div><div class=\"w-slider-json\" onclick='return {&quot;transitionSpeed&quot;:300,&quot;loopRewind&quot;:true,&quot;slidesSpacing&quot;:0,&quot;imageScalePadding&quot;:0,&quot;numImagesToPreload&quot;:2,&quot;arrowsNav&quot;:true,&quot;arrowsNavAutoHide&quot;:false,&quot;transitionType&quot;:&quot;move&quot;,&quot;block&quot;:{&quot;moveEffect&quot;:&quot;none&quot;,&quot;speed&quot;:300},&quot;controlNavigation&quot;:&quot;none&quot;,&quot;imageScaleMode&quot;:&quot;fit-if-smaller&quot;,&quot;autoScaleSlider&quot;:true,&quot;autoScaleSliderWidth&quot;:480,&quot;autoScaleSliderHeight&quot;:480,&quot;fitInViewport&quot;:false}'><\/div><\/div><\/div><\/div><\/div><div class=\"vc_col-sm-9 wpb_column vc_column_container\"><div class=\"vc_column-inner\"><div class=\"wpb_wrapper\">\r\n\t<div class=\"wpb_text_column \">\r\n\t\t<div class=\"wpb_wrapper\">\r\n\t\t\t<p>Wir m\u00f6chten diesen Raum nutzen, um unseren aufrichtigen Dank an all die wunderbaren Menschen auszudr\u00fccken, die sich dazu entschieden haben, eine Patenschaft f\u00fcr ein Tier in unserem Tierheim zu \u00fcbernehmen. Eure gro\u00dfz\u00fcgige Unterst\u00fctzung hat einen nachhaltigen Einfluss auf das Wohlbefinden und die Versorgung unserer Sch\u00fctzlinge.<\/p>\n<p>Dank eurer Hilfe k\u00f6nnen wir sicherstellen, dass die Tiere die notwendige Pflege, Liebe und Aufmerksamkeit erhalten, die sie verdienen. Eure Patenschaften tragen dazu bei, ihre medizinische Versorgung, Ern\u00e4hrung und Unterkunft zu sichern, und erm\u00f6glichen es uns, ihnen eine zweite Chance auf ein gl\u00fcckliches und erf\u00fclltes Leben zu geben.<\/p>\n<p>Jedes Tier hat seine eigene einzigartige Geschichte, und eure Bereitschaft, f\u00fcr sie einzustehen, macht einen entscheidenden Unterschied. Die Verbindung, die durch eure Patenschaft entsteht, ist nicht nur f\u00fcr die Tiere von unsch\u00e4tzbarem Wert, sondern bereichert auch euer eigenes Leben.<\/p>\n<p>Nochmals herzlichen Dank an jeden Einzelnen von euch, der sich f\u00fcr eine Patenschaft entschieden hat. Ihr seid die Helden, die den Weg f\u00fcr eine bessere Zukunft f\u00fcr unsere Tiere ebnen. Gemeinsam schaffen wir eine liebevolle Gemeinschaft, die f\u00fcr das Wohl der Tiere eintritt.<\/p>\n<p>Mit gro\u00dfer Dankbarkeit,<br \/>\nDas Team des TSV Gie\u00dfens<\/p>\n\r\n\t\t<\/div>\r\n\t<\/div>\r\n<\/div><\/div><\/div><\/div><\/div><\/section><section class=\"l-section wpb_row height_small\"><div class=\"l-section-h i-cf\"><div class=\"g-cols type_default valign_top\"><div class=\"vc_col-sm-12 wpb_column vc_column_container\"><div class=\"vc_column-inner\"><div class=\"wpb_wrapper\">\r\n\t<div class=\"wpb_text_column \">\r\n\t\t<div class=\"wpb_wrapper\">\r\n\t\t\t<h1 style=\"text-align: center\"><strong>\u2764\ufe0fVielen Dank\u2764\ufe0f<\/strong><\/h1>\n\r\n\t\t<\/div>\r\n\t<\/div>\r\n<div class=\"w-separator type_default size_medium thick_1 style_solid color_border cont_none\"><span class=\"w-separator-h\"><\/span><\/div>\r\n\t<div class=\"wpb_text_column \">\r\n\t\t<div class=\"wpb_wrapper\">\r\n\t\t\t<h2 style=\"text-align: center\"><strong>Hunde Paten<\/strong><\/h2>\n\r\n\t\t<\/div>\r\n\t<\/div>\r\n\r\n\t<div class=\"wpb_text_column \">\r\n\t\t<div class=\"wpb_wrapper\">\r\n\t\t\t<p style=\"text-align: center\">Alexandra Baddenhausen, Alexandra M\u00fcck, Andreas Meinlschmidt, Anna Karl, Anna Zeller, Anne Steinm\u00fcller, Anne-Katrin Gebhardt, Annerose-Maria Richter, Arnd Dupp, Birgit Florides, Carolin Wassermann, Charmaine Berg, Christina Hergert, Christine Schumann, Claire Schweitzer, Daniela Happel-Eyring, Dorothea Kr\u00e4hling, Dr. Afsaneh Jung, Dr. Ursula Ehlenz, Elke Bangel, Emeli Hix, Frank Weppler, Harald Horpinitsch, Heike Herstein, Helena Rosbach, Jane Richter, Jannik Hofmann, Jasmin Siedenbichel, Jennifer Turba, Jutta Stanzel, Katja Marx, Kiara Brenes Francis, Lars Siegfart, Laura Hofmann, Leonie Endruschat, Lisa F\u00fcgert, Maike Enders, Manfred Momberger, Mariska Neumann, Maximilian Jacob, Melanie M\u00f6ller, Meyer Alexander, Michaela Hahn, Patricia Ohrisch, Renate Paukstat, Sabine Rehlich, Sabrina Weiss-Leuker, Schneider Pascal, Sonja Fischer, Steinmetz Lisa, Susan Melek Kamisli, Susanne Mohr, Teresa Martella, Theresa Mattner, Uwe und Angelika Zimmermann, Vanessa M\u00fcller, Veronika Ribel, Yvonne Klemke, Petra Franz<\/p>\n\r\n\t\t<\/div>\r\n\t<\/div>\r\n<div class=\"w-separator type_default size_medium thick_1 style_solid color_border cont_none\"><span class=\"w-separator-h\"><\/span><\/div>\r\n\t<div class=\"wpb_text_column \">\r\n\t\t<div class=\"wpb_wrapper\">\r\n\t\t\t<h2 style=\"text-align: center\"><strong>Katzen Paten<\/strong><\/h2>\n\r\n\t\t<\/div>\r\n\t<\/div>\r\n\r\n\t<div class=\"wpb_text_column \">\r\n\t\t<div class=\"wpb_wrapper\">\r\n\t\t\t<p style=\"text-align: center\">Edeltraud J\u00e4kel, Cornelia Kraus, Dr. Petra Ina Pfefferle, Nina Zerbe, Christine Wallner, Susanne Schmachtel, Ruth Martin, Karin Ehrhardt, Gisela Plomer, Sydney Degenkolb, Irina Hillmann, Luis Brauer, Lilli Koch, Andreas Wenzel, Vera G\u00fcnther, Peter Gelzenleuchter, Sandra Schuldt, Sandra Lechner, Andreas Ha\u00dfler, Sandra Richter, Heike Jakob, Familie Kretschmer, Marcel Kippert, Corinne Simon, Katharina Dietz, Sophie und Philipp Eisbein, Helga Krombach-Hofmann, Sandra Stephan, Jutta Alban-Roth, Renate Borner, Sabine Hau, Dr. Hedwig Waldheim-Klement, Nanni M\u00fcller, Nina Bahr, VS GmbH Heuchelheim, Lisa und Markus Lenz, Jessica Dietrich, Inge Lukas, Helga Hofmann, Tim Niklas Paulus, G\u00fcnter Wick, Sabrina Opper, Angelika Enders, Elfriede Moos, Janina N\u00e4tscher, Anja Geigenm\u00fcller, Dagmar Sacher, Pascal Schneider, Lucie Cla\u00dfen, Amanda Chisnell, Cathrin R\u00f6der, Bettine Reimer, Anna Magdalena Vogel, Emilia und Tjeerd Rennert-Jellema, Kerstin Benner, Familie Kretschmer, Sandra Schwanke, Alice Leutheuser, Charlotte Boos, Jessica Dietrich, Ricardo R\u00f6hrsheim, Gisela Wachtel, Reinhold G\u00fcnther Weirauch, Lara Selin Cavga, Christoph He\u00dfler, Lisa Friedrich, Iris Farley, Eva Pfeiffer, Susanne R\u00fchle, Sophia Beil, Christoph Haas, Britta Moch, Katharina Deimer, Janika Hopp, Julian W\u00fcrges, Andrea T\u00f6ppal, Stefanie Schmidt, Leibundgut, Jessica Justus, Antonia Strack, Tobias Spinner, Kyra Maria Klinkel, Jan Lehnert<\/p>\n\r\n\t\t<\/div>\r\n\t<\/div>\r\n<div class=\"w-separator type_default size_medium thick_1 style_solid color_border cont_none\"><span class=\"w-separator-h\"><\/span><\/div>\r\n\t<div class=\"wpb_text_column \">\r\n\t\t<div class=\"wpb_wrapper\">\r\n\t\t\t<h2 style=\"text-align: center\"><strong>Waschb\u00e4r Paten<\/strong><\/h2>\n\r\n\t\t<\/div>\r\n\t<\/div>\r\n\r\n\t<div class=\"wpb_text_column \">\r\n\t\t<div class=\"wpb_wrapper\">\r\n\t\t\t<p style=\"text-align: center\">Simone Pfaff, Frank Peilst\u00f6cker, Hannah Kreuder<\/p>\n\r\n\t\t<\/div>\r\n\t<\/div>\r\n<\/div><\/div><\/div><\/div><\/div><\/section>\n","protected":false},"excerpt":{"rendered":"Wir m\u00f6chten diesen Raum nutzen, um unseren aufrichtigen Dank an all die wunderbaren Menschen auszudr\u00fccken, die sich dazu entschieden haben, eine Patenschaft f\u00fcr ein Tier in unserem Tierheim zu \u00fcbernehmen....","protected":false},"author":1,"featured_media":0,"parent":0,"menu_order":0,"comment_status":"closed","ping_status":"closed","template":"","meta":{"_piecal_is_event":false,"_piecal_start_date":"","_piecal_end_date":"","_piecal_is_allday":false,"footnotes":""},"_links":{"self":[{"href":"https:\/\/tsv-giessen.de\/index.php?rest_route=\/wp\/v2\/pages\/28211"}],"collection":[{"href":"https:\/\/tsv-giessen.de\/index.php?rest_route=\/wp\/v2\/pages"}],"about":[{"href":"https:\/\/tsv-giessen.de\/index.php?rest_route=\/wp\/v2\/types\/page"}],"author":[{"embeddable":true,"href":"https:\/\/tsv-giessen.de\/index.php?rest_route=\/wp\/v2\/users\/1"}],"replies":[{"embeddable":true,"href":"https:\/\/tsv-giessen.de\/index.php?rest_route=%2Fwp%2Fv2%2Fcomments&post=28211"}],"version-history":[{"count":9,"href":"https:\/\/tsv-giessen.de\/index.php?rest_route=\/wp\/v2\/pages\/28211\/revisions"}],"predecessor-version":[{"id":33968,"href":"https:\/\/tsv-giessen.de\/index.php?rest_route=\/wp\/v2\/pages\/28211\/revisions\/33968"}],"wp:attachment":[{"href":"https:\/\/tsv-giessen.de\/index.php?rest_route=%2Fwp%2Fv2%2Fmedia&parent=28211"}],"curies":[{"name":"wp","href":"https:\/\/api.w.org\/{rel}","templated":true}]}}

<section class="l-section wpb_row height_small"><div class="l-section-h i-cf"><div class="g-cols type_default valign_top"><div class="vc_col-sm-3 wpb_column vc_column_container"><div class="vc_column-inner"><div class="wpb_wrapper"><div class="w-slider"><div class="us-frame"><div class="royalSlider"><div class="rsContent"><a class="rsImg" data-rsw="480" data-rsh="480" href="https://www.tsv-giessen.de/wp-content/uploads/2018/01/Jamie_4.jpg"></a></div><div class="rsContent"><a class="rsImg" data-rsw="1024" data-rsh="1016" href="https://www.tsv-giessen.de/wp-content/uploads/2023/12/WhatsApp-Bild-2023-12-01-um-07.43.21_e7ea6b6b-1024x1016.jpg"></a></div><div class="rsContent"><a class="rsImg" data-rsw="480" data-rsh="480" href="https://www.tsv-giessen.de/wp-content/uploads/2020/04/Brownie_05.jpg"></a></div><div class="rsContent"><a class="rsImg" data-rsw="1024" data-rsh="1024" href="https://www.tsv-giessen.de/wp-content/uploads/2023/07/DSC_1034-1024x1024.jpg"></a></div></div><img decoding="async" src="https://www.tsv-giessen.de/wp-content/uploads/2018/01/Jamie_4.jpg" alt=""></div><div class="w-slider-json" onclick='return {&quot;transitionSpeed&quot;:300,&quot;loopRewind&quot;:true,&quot;slidesSpacing&quot;:0,&quot;imageScalePadding&quot;:0,&quot;numImagesToPreload&quot;:2,&quot;arrowsNav&quot;:true,&quot;arrowsNavAutoHide&quot;:false,&quot;transitionType&quot;:&quot;move&quot;,&quot;block&quot;:{&quot;moveEffect&quot;:&quot;none&quot;,&quot;speed&quot;:300},&quot;controlNavigation&quot;:&quot;none&quot;,&quot;imageScaleMode&quot;:&quot;fit-if-smaller&quot;,&quot;autoScaleSlider&quot;:true,&quot;autoScaleSliderWidth&quot;:480,&quot;autoScaleSliderHeight&quot;:480,&quot;fitInViewport&quot;:false}'></div></div></div></div></div><div class="vc_col-sm-9 wpb_column vc_column_container"><div class="vc_column-inner"><div class="wpb_wrapper">
	<div class="wpb_text_column ">
		<div class="wpb_wrapper">
			<p>Wir möchten diesen Raum nutzen, um unseren aufrichtigen Dank an all die wunderbaren Menschen auszudrücken, die sich dazu entschieden haben, eine Patenschaft für ein Tier in unserem Tierheim zu übernehmen. Eure großzügige Unterstützung hat einen nachhaltigen Einfluss auf das Wohlbefinden und die Versorgung unserer Schützlinge.</p>
<p>Dank eurer Hilfe können wir sicherstellen, dass die Tiere die notwendige Pflege, Liebe und Aufmerksamkeit erhalten, die sie verdienen. Eure Patenschaften tragen dazu bei, ihre medizinische Versorgung, Ernährung und Unterkunft zu sichern, und ermöglichen es uns, ihnen eine zweite Chance auf ein glückliches und erfülltes Leben zu geben.</p>
<p>Jedes Tier hat seine eigene einzigartige Geschichte, und eure Bereitschaft, für sie einzustehen, macht einen entscheidenden Unterschied. Die Verbindung, die durch eure Patenschaft entsteht, ist nicht nur für die Tiere von unschätzbarem Wert, sondern bereichert auch euer eigenes Leben.</p>
<p>Nochmals herzlichen Dank an jeden Einzelnen von euch, der sich für eine Patenschaft entschieden hat. Ihr seid die Helden, die den Weg für eine bessere Zukunft für unsere Tiere ebnen. Gemeinsam schaffen wir eine liebevolle Gemeinschaft, die für das Wohl der Tiere eintritt.</p>
<p>Mit großer Dankbarkeit,<br />
Das Team des TSV Gießens</p>

		</div>
	</div>
</div></div></div></div></div></section><section class="l-section wpb_row height_small"><div class="l-section-h i-cf"><div class="g-cols type_default valign_top"><div class="vc_col-sm-12 wpb_column vc_column_container"><div class="vc_column-inner"><div class="wpb_wrapper">
	<div class="wpb_text_column ">
		<div class="wpb_wrapper">
			<h1 style="text-align: center"><strong>❤️Vielen Dank❤️</strong></h1>

		</div>
	</div>
<div class="w-separator type_default size_medium thick_1 style_solid color_border cont_none"><span class="w-separator-h"></span></div>
	<div class="wpb_text_column ">
		<div class="wpb_wrapper">
			<h2 style="text-align: center"><strong>Hunde Paten</strong></h2>

		</div>
	</div>

	<div class="wpb_text_column ">
		<div class="wpb_wrapper">
			<p style="text-align: center">Alexandra Baddenhausen, Alexandra Mück, Andreas Meinlschmidt, Anna Karl, Anna Zeller, Anne Steinmüller, Anne-Katrin Gebhardt, Annerose-Maria Richter, Arnd Dupp, Birgit Florides, Carolin Wassermann, Charmaine Berg, Christina Hergert, Christine Schumann, Claire Schweitzer, Daniela Happel-Eyring, Dorothea Krähling, Dr. Afsaneh Jung, Dr. Ursula Ehlenz, Elke Bangel, Emeli Hix, Frank Weppler, Harald Horpinitsch, Heike Herstein, Helena Rosbach, Jane Richter, Jannik Hofmann, Jasmin Siedenbichel, Jennifer Turba, Jutta Stanzel, Katja Marx, Kiara Brenes Francis, Lars Siegfart, Laura Hofmann, Leonie Endruschat, Lisa Fügert, Maike Enders, Manfred Momberger, Mariska Neumann, Maximilian Jacob, Melanie Möller, Meyer Alexander, Michaela Hahn, Patricia Ohrisch, Renate Paukstat, Sabine Rehlich, Sabrina Weiss-Leuker, Schneider Pascal, Sonja Fischer, Steinmetz Lisa, Susan Melek Kamisli, Susanne Mohr, Teresa Martella, Theresa Mattner, Uwe und Angelika Zimmermann, Vanessa Müller, Veronika Ribel, Yvonne Klemke, Petra Franz</p>

		</div>
	</div>
<div class="w-separator type_default size_medium thick_1 style_solid color_border cont_none"><span class="w-separator-h"></span></div>
	<div class="wpb_text_column ">
		<div class="wpb_wrapper">
			<h2 style="text-align: center"><strong>Katzen Paten</strong></h2>

		</div>
	</div>

	<div class="wpb_text_column ">
		<div class="wpb_wrapper">
			<p style="text-align: center">Edeltraud Jäkel, Cornelia Kraus, Dr. Petra Ina Pfefferle, Nina Zerbe, Christine Wallner, Susanne Schmachtel, Ruth Martin, Karin Ehrhardt, Gisela Plomer, Sydney Degenkolb, Irina Hillmann, Luis Brauer, Lilli Koch, Andreas Wenzel, Vera Günther, Peter Gelzenleuchter, Sandra Schuldt, Sandra Lechner, Andreas Haßler, Sandra Richter, Heike Jakob, Familie Kretschmer, Marcel Kippert, Corinne Simon, Katharina Dietz, Sophie und Philipp Eisbein, Helga Krombach-Hofmann, Sandra Stephan, Jutta Alban-Roth, Renate Borner, Sabine Hau, Dr. Hedwig Waldheim-Klement, Nanni Müller, Nina Bahr, VS GmbH Heuchelheim, Lisa und Markus Lenz, Jessica Dietrich, Inge Lukas, Helga Hofmann, Tim Niklas Paulus, Günter Wick, Sabrina Opper, Angelika Enders, Elfriede Moos, Janina Nätscher, Anja Geigenmüller, Dagmar Sacher, Pascal Schneider, Lucie Claßen, Amanda Chisnell, Cathrin Röder, Bettine Reimer, Anna Magdalena Vogel, Emilia und Tjeerd Rennert-Jellema, Kerstin Benner, Familie Kretschmer, Sandra Schwanke, Alice Leutheuser, Charlotte Boos, Jessica Dietrich, Ricardo Röhrsheim, Gisela Wachtel, Reinhold Günther Weirauch, Lara Selin Cavga, Christoph Heßler, Lisa Friedrich, Iris Farley, Eva Pfeiffer, Susanne Rühle, Sophia Beil, Christoph Haas, Britta Moch, Katharina Deimer, Janika Hopp, Julian Würges, Andrea Töppal, Stefanie Schmidt, Leibundgut, Jessica Justus, Antonia Strack, Tobias Spinner, Kyra Maria Klinkel, Jan Lehnert</p>

		</div>
	</div>
<div class="w-separator type_default size_medium thick_1 style_solid color_border cont_none"><span class="w-separator-h"></span></div>
	<div class="wpb_text_column ">
		<div class="wpb_wrapper">
			<h2 style="text-align: center"><strong>Waschbär Paten</strong></h2>

		</div>
	</div>

	<div class="wpb_text_column ">
		<div class="wpb_wrapper">
			<p style="text-align: center">Simone Pfaff, Frank Peilstöcker, Hannah Kreuder</p>

		</div>
	</div>
</div></div></div></div></div></section>

Wir möchten diesen Raum nutzen, um unseren aufrichtigen Dank an all die wunderbaren Menschen auszudrücken, die sich dazu entschieden haben, eine Patenschaft für ein Tier in unserem Tierheim zu übernehmen....
