{"id":22195,"date":"2022-11-23T11:02:07","date_gmt":"2022-11-23T10:02:07","guid":{"rendered":"https:\/\/tsv-giessen.de\/?page_id=22195"},"modified":"2022-11-23T11:10:33","modified_gmt":"2022-11-23T10:10:33","slug":"weihnachten","status":"publish","type":"page","link":"https:\/\/tsv-giessen.de\/?page_id=22195","title":{"rendered":"Weihnachten"},"content":{"rendered":"<section class=\"l-section wpb_row height_small\"><div class=\"l-section-h i-cf\"><div class=\"g-cols type_default valign_top\"><div class=\"vc_col-sm-8 wpb_column vc_column_container\"><div class=\"vc_column-inner\"><div class=\"wpb_wrapper\">\r\n\t<div class=\"wpb_text_column \">\r\n\t\t<div class=\"wpb_wrapper\">\r\n\t\t\t<h3><strong>Tierheimw\u00fcnsche werden wahr<\/strong><strong>\ud83c\udf84<\/strong><\/h3>\n<p>Auch in diesem Jahr haben wir wieder unsere Wunschb\u00e4ume im <strong>Fressnapf Lollar, Fressnapf XXL Gie\u00dfen, Zookauf Linden<\/strong> und auch im <strong>Tierheimb\u00fcro<\/strong> aufgestellt.<\/p>\n<p>Wir freuen uns sehr dar\u00fcber, wenn die W\u00fcnsche unserer Tierheimbewohner erf\u00fcllt werden, da sie dieses leider im Tierheim verbringen m\u00fcssen.<\/p>\n<p>Wir bedanken uns im Voraus bei allen Tierfreunden, die bei einem unserer Wunschb\u00e4ume einen Wunsch f\u00fcr ein Tierheimtier erf\u00fcllen.<\/p>\n\r\n\t\t<\/div>\r\n\t<\/div>\r\n<\/div><\/div><\/div><div class=\"vc_col-sm-4 wpb_column vc_column_container\"><div class=\"vc_column-inner\"><div class=\"wpb_wrapper\"><div class=\"w-image style_simple\"><div class=\"us-frame\"><img loading=\"lazy\" decoding=\"async\" width=\"317\" height=\"430\" src=\"https:\/\/www.tsv-giessen.de\/wp-content\/uploads\/2022\/11\/Screenshot-2022-11-23-at-10-34-59-zookauf-Linden-Gemeinsam-mit-euch-m\u00f6chten-wir-gerne-den.png\" class=\"attachment-large size-large\" alt=\"\" srcset=\"https:\/\/www.tsv-giessen.de\/wp-content\/uploads\/2022\/11\/Screenshot-2022-11-23-at-10-34-59-zookauf-Linden-Gemeinsam-mit-euch-m\u00f6chten-wir-gerne-den.png 317w, https:\/\/www.tsv-giessen.de\/wp-content\/uploads\/2022\/11\/Screenshot-2022-11-23-at-10-34-59-zookauf-Linden-Gemeinsam-mit-euch-m\u00f6chten-wir-gerne-den-221x300.png 221w\" sizes=\"(max-width: 317px) 100vw, 317px\" \/><\/div><\/div><\/div><\/div><\/div><\/div><\/div><\/section>\n","protected":false},"excerpt":{"rendered":"Tierheimw\u00fcnsche werden wahr\ud83c\udf84 Auch in diesem Jahr haben wir wieder unsere Wunschb\u00e4ume im Fressnapf Lollar, Fressnapf XXL Gie\u00dfen, Zookauf Linden und auch im Tierheimb\u00fcro aufgestellt. Wir freuen uns sehr dar\u00fcber,...","protected":false},"author":1,"featured_media":0,"parent":0,"menu_order":0,"comment_status":"closed","ping_status":"closed","template":"","meta":{"_piecal_is_event":false,"_piecal_start_date":"","_piecal_end_date":"","_piecal_is_allday":false,"footnotes":""},"_links":{"self":[{"href":"https:\/\/tsv-giessen.de\/index.php?rest_route=\/wp\/v2\/pages\/22195"}],"collection":[{"href":"https:\/\/tsv-giessen.de\/index.php?rest_route=\/wp\/v2\/pages"}],"about":[{"href":"https:\/\/tsv-giessen.de\/index.php?rest_route=\/wp\/v2\/types\/page"}],"author":[{"embeddable":true,"href":"https:\/\/tsv-giessen.de\/index.php?rest_route=\/wp\/v2\/users\/1"}],"replies":[{"embeddable":true,"href":"https:\/\/tsv-giessen.de\/index.php?rest_route=%2Fwp%2Fv2%2Fcomments&post=22195"}],"version-history":[{"count":0,"href":"https:\/\/tsv-giessen.de\/index.php?rest_route=\/wp\/v2\/pages\/22195\/revisions"}],"wp:attachment":[{"href":"https:\/\/tsv-giessen.de\/index.php?rest_route=%2Fwp%2Fv2%2Fmedia&parent=22195"}],"curies":[{"name":"wp","href":"https:\/\/api.w.org\/{rel}","templated":true}]}}